{"id":1084,"date":"2016-01-25T22:19:51","date_gmt":"2016-01-25T20:19:51","guid":{"rendered":"http:\/\/www.bodofilmklubb.no\/?page_id=1084"},"modified":"2026-01-18T12:08:51","modified_gmt":"2026-01-18T11:08:51","slug":"aldersgrenser","status":"publish","type":"page","link":"https:\/\/www.bodofilmklubb.no\/index.php\/aldersgrenser\/","title":{"rendered":"Aldersgrenser"},"content":{"rendered":"<p>Sommeren 2015 ble regelverket for aldersgrenser p\u00e5 kino endret slik  at ogs\u00e5 filmklubbene skal infomere om og kontrollere aldersgrenser for  film. Samtidig ble aldersgrensene som brukes endret. Info om den nye  inndelingen finner du <a href=\"http:\/\/www.medietilsynet.no\/barn-og-medier\/aldersgrenser\/\">her<\/a>.<\/p>\n<p>Bod\u00f8 Filmklubb har en aldersgrense for medlemskap p\u00e5 15 \u00e5r. Det vil  v\u00e6re denne aldersgrensen som vil v\u00e6re gjeldende for de visningene som vi  selv arrangerer. Skulle en film ha 18\u00e5rs-grense vil vi s\u00e6rskilt merke  v\u00e5r informasjon om filmen med dette og kontrollere aldersgrensen i d\u00f8ra.<\/p>\n<p>Aldersgrensene for v\u00e5re samarbeidsvisninger med Fram kino vil bli  h\u00e5ndhevet av Fram kino p\u00e5 vanlig m\u00e5te. V\u00e5r aldersgrense for medlemskap  er her uten betydning.<\/p>\n<p>Filmene som vises i Stormen vil v\u00e6re merket med aldersgrense. Her vil det ved behov bli utf\u00f8rt kontroll av aldersgrense i d\u00f8ra.<\/p>\n","protected":false},"excerpt":{"rendered":"<p>Sommeren 2015 ble regelverket for aldersgrenser p\u00e5 kino endret slik at ogs\u00e5 filmklubbene skal infomere om og kontrollere aldersgrenser for film. Samtidig ble aldersgrensene som brukes endret. Info om den nye inndelingen finner du her. Bod\u00f8 Filmklubb har en aldersgrense for medlemskap p\u00e5 15 \u00e5r. Det vil v\u00e6re denne aldersgrensen som vil v\u00e6re gjeldende for [&hellip;]<\/p>\n","protected":false},"author":2,"featured_media":0,"parent":0,"menu_order":0,"comment_status":"closed","ping_status":"open","template":"","meta":{"footnotes":""},"class_list":["post-1084","page","type-page","status-publish","hentry"],"_links":{"self":[{"href":"https:\/\/www.bodofilmklubb.no\/index.php\/wp-json\/wp\/v2\/pages\/1084","targetHints":{"allow":["GET"]}}],"collection":[{"href":"https:\/\/www.bodofilmklubb.no\/index.php\/wp-json\/wp\/v2\/pages"}],"about":[{"href":"https:\/\/www.bodofilmklubb.no\/index.php\/wp-json\/wp\/v2\/types\/page"}],"author":[{"embeddable":true,"href":"https:\/\/www.bodofilmklubb.no\/index.php\/wp-json\/wp\/v2\/users\/2"}],"replies":[{"embeddable":true,"href":"https:\/\/www.bodofilmklubb.no\/index.php\/wp-json\/wp\/v2\/comments?post=1084"}],"version-history":[{"count":3,"href":"https:\/\/www.bodofilmklubb.no\/index.php\/wp-json\/wp\/v2\/pages\/1084\/revisions"}],"predecessor-version":[{"id":2638,"href":"https:\/\/www.bodofilmklubb.no\/index.php\/wp-json\/wp\/v2\/pages\/1084\/revisions\/2638"}],"wp:attachment":[{"href":"https:\/\/www.bodofilmklubb.no\/index.php\/wp-json\/wp\/v2\/media?parent=1084"}],"curies":[{"name":"wp","href":"https:\/\/api.w.org\/{rel}","templated":true}]}}