{"id":1252,"date":"2017-01-23T20:20:20","date_gmt":"2017-01-23T18:20:20","guid":{"rendered":"http:\/\/www.bodofilmklubb.no\/?page_id=1252"},"modified":"2017-03-03T14:58:05","modified_gmt":"2017-03-03T12:58:05","slug":"vildanden","status":"publish","type":"page","link":"https:\/\/www.bodofilmklubb.no\/index.php\/vildanden\/","title":{"rendered":"Vildanden"},"content":{"rendered":"<p>Ny australsk (!) filmversjon av Ibsens klassiker.<\/p>\n<p>En ung australsk teaterregiss\u00f8r f\u00e5r med seg et australsk stjernelag (Geoffrey Rush, Sam Neill) til sin debut som filmregiss\u00f8r. I dag regner vi med at vi gj\u00f8r norsklektorene blant v\u00e5re medlemmer spesielt glade! Vi andre kan glede oss til en b\u00e5de bunnsolid og litt annerledes versjon av Ibsen p\u00e5 kino.<\/p>\n<p><a href=\"http:\/\/www.filmweb.no\/film\/article1281049.ece\">Info<\/a><\/p>\n<p><a href=\"https:\/\/www.youtube.com\/watch?v=TaC-SrFdRZg\">Trailer<\/a><\/p>\n","protected":false},"excerpt":{"rendered":"<p>Ny australsk (!) filmversjon av Ibsens klassiker. En ung australsk teaterregiss\u00f8r f\u00e5r med seg et australsk stjernelag (Geoffrey Rush, Sam Neill) til sin debut som filmregiss\u00f8r. I dag regner vi med at vi gj\u00f8r norsklektorene blant v\u00e5re medlemmer spesielt glade! Vi andre kan glede oss til en b\u00e5de bunnsolid og litt annerledes versjon av Ibsen [&hellip;]<\/p>\n","protected":false},"author":2,"featured_media":0,"parent":0,"menu_order":0,"comment_status":"open","ping_status":"open","template":"","meta":{"footnotes":""},"class_list":["post-1252","page","type-page","status-publish","hentry"],"_links":{"self":[{"href":"https:\/\/www.bodofilmklubb.no\/index.php\/wp-json\/wp\/v2\/pages\/1252","targetHints":{"allow":["GET"]}}],"collection":[{"href":"https:\/\/www.bodofilmklubb.no\/index.php\/wp-json\/wp\/v2\/pages"}],"about":[{"href":"https:\/\/www.bodofilmklubb.no\/index.php\/wp-json\/wp\/v2\/types\/page"}],"author":[{"embeddable":true,"href":"https:\/\/www.bodofilmklubb.no\/index.php\/wp-json\/wp\/v2\/users\/2"}],"replies":[{"embeddable":true,"href":"https:\/\/www.bodofilmklubb.no\/index.php\/wp-json\/wp\/v2\/comments?post=1252"}],"version-history":[{"count":4,"href":"https:\/\/www.bodofilmklubb.no\/index.php\/wp-json\/wp\/v2\/pages\/1252\/revisions"}],"predecessor-version":[{"id":1276,"href":"https:\/\/www.bodofilmklubb.no\/index.php\/wp-json\/wp\/v2\/pages\/1252\/revisions\/1276"}],"wp:attachment":[{"href":"https:\/\/www.bodofilmklubb.no\/index.php\/wp-json\/wp\/v2\/media?parent=1252"}],"curies":[{"name":"wp","href":"https:\/\/api.w.org\/{rel}","templated":true}]}}