{"id":1257,"date":"2017-01-23T20:42:37","date_gmt":"2017-01-23T18:42:37","guid":{"rendered":"http:\/\/www.bodofilmklubb.no\/?page_id=1257"},"modified":"2017-01-23T20:49:05","modified_gmt":"2017-01-23T18:49:05","slug":"stalker","status":"publish","type":"page","link":"https:\/\/www.bodofilmklubb.no\/index.php\/stalker\/","title":{"rendered":"Stalker"},"content":{"rendered":"<p>Utrolig nok er dette f\u00f8rste gang vi viser en film av Andrei Tarkovsky. Den russiske regiss\u00f8ren er en av de helt store filmkunstnere med blant annet <em>Solaris<\/em>, <em>Speil <\/em>og <em>Offeret <\/em>som hovedverk.<\/p>\n<p>Dette skyldes i stor grad at filmene til Tarkovsky har blitt vist om og om igjen i norske filmklubber slik at de gamle 35mm kopiene som fantes her i landet var nok s\u00e5 kj\u00f8rt. N\u00e5 f\u00e5r vi anledning til \u00e5 vise en av russerens mest kjente og beste filmer, <em>Stalker <\/em>fra 1979, i ny digital kinokopi &#8211; og dette til og med med norske tekster.<\/p>\n<p><em>Stalker <\/em>er bygd p\u00e5 en veldig kjent russisk science-fiction roman, men hverken romanen og i hvert fall ikke <em>Stalker <\/em>er science-fiction i streng forstand. Tarkovsky er som i mange av sine filmer interessert i filosofiske, metafysiske og ja, religi\u00f8se betraktninger. Dette <em>er <\/em>kunstfilm. Er du filminteressert burde du gripe hver anledning til \u00e5 se Tarkovsky sine filmer p\u00e5 kino. Det er her de kommer til rette i all sin enigmatiske prakt.<\/p>\n<p><a href=\"http:\/\/www.bfi.org.uk\/features\/tarkovsky\/\">Dybdeblikk p\u00e5 Stalker og Solaris<\/a> (engelsk).<\/p>\n<p><a href=\"https:\/\/www.youtube.com\/watch?v=dB4YqN7FE4g\">Trailer<\/a><\/p>\n","protected":false},"excerpt":{"rendered":"<p>Utrolig nok er dette f\u00f8rste gang vi viser en film av Andrei Tarkovsky. Den russiske regiss\u00f8ren er en av de helt store filmkunstnere med blant annet Solaris, Speil og Offeret som hovedverk. Dette skyldes i stor grad at filmene til Tarkovsky har blitt vist om og om igjen i norske filmklubber slik at de gamle [&hellip;]<\/p>\n","protected":false},"author":2,"featured_media":0,"parent":0,"menu_order":0,"comment_status":"open","ping_status":"open","template":"","meta":{"footnotes":""},"class_list":["post-1257","page","type-page","status-publish","hentry"],"_links":{"self":[{"href":"https:\/\/www.bodofilmklubb.no\/index.php\/wp-json\/wp\/v2\/pages\/1257","targetHints":{"allow":["GET"]}}],"collection":[{"href":"https:\/\/www.bodofilmklubb.no\/index.php\/wp-json\/wp\/v2\/pages"}],"about":[{"href":"https:\/\/www.bodofilmklubb.no\/index.php\/wp-json\/wp\/v2\/types\/page"}],"author":[{"embeddable":true,"href":"https:\/\/www.bodofilmklubb.no\/index.php\/wp-json\/wp\/v2\/users\/2"}],"replies":[{"embeddable":true,"href":"https:\/\/www.bodofilmklubb.no\/index.php\/wp-json\/wp\/v2\/comments?post=1257"}],"version-history":[{"count":4,"href":"https:\/\/www.bodofilmklubb.no\/index.php\/wp-json\/wp\/v2\/pages\/1257\/revisions"}],"predecessor-version":[{"id":1262,"href":"https:\/\/www.bodofilmklubb.no\/index.php\/wp-json\/wp\/v2\/pages\/1257\/revisions\/1262"}],"wp:attachment":[{"href":"https:\/\/www.bodofilmklubb.no\/index.php\/wp-json\/wp\/v2\/media?parent=1257"}],"curies":[{"name":"wp","href":"https:\/\/api.w.org\/{rel}","templated":true}]}}