{"id":1366,"date":"2017-12-16T16:00:05","date_gmt":"2017-12-16T14:00:05","guid":{"rendered":"http:\/\/www.bodofilmklubb.no\/?page_id=1366"},"modified":"2017-12-16T16:02:40","modified_gmt":"2017-12-16T14:02:40","slug":"tirsdagsfilm-060318","status":"publish","type":"page","link":"https:\/\/www.bodofilmklubb.no\/index.php\/tirsdagsfilm-060318\/","title":{"rendered":"Tirsdagsfilm 060318"},"content":{"rendered":"<p><span style=\"font-size: small; font-family: Times New Roman;\"> <\/span><\/p>\n<p style=\"margin: 0cm 0cm 10pt;\"><span style=\"font-size: small; font-family: Arial;\">Filmhistoriens mest subversive komikergruppe er uten tvil The Marx Brothers. Ingen sl\u00e5r dem i \u00e5 spre rent kaos og i det \u00e5 undergrave en hver autoritet. Dagens film er blitt st\u00e5ende som et av mesterverkene til Marx br\u00f8drene, ikke minst fordi den i dag leses som et angrep p\u00e5 nasjonalisme i det de driver gj\u00f8n med stat og milit\u00e6r. Filmen inneholder en rekke klassiske komiske <em style=\"mso-bidi-font-style: normal;\">set-pieces<\/em> og er som ellers i Marx-universet et fyrverkeri av morsomme og spydige dialoger. <\/span><\/p>\n<p style=\"margin: 0cm 0cm 10pt;\">Om <a href=\"https:\/\/www.bodofilmklubb.no\/index.php\/2017\/12\/tirsdagsfilmer-varen-2018\/\">tirsdagsfilmene<\/a>.<\/p>\n<p><span style=\"font-size: small; font-family: Times New Roman;\"> <\/span><\/p>\n","protected":false},"excerpt":{"rendered":"<p>Filmhistoriens mest subversive komikergruppe er uten tvil The Marx Brothers. Ingen sl\u00e5r dem i \u00e5 spre rent kaos og i det \u00e5 undergrave en hver autoritet. Dagens film er blitt st\u00e5ende som et av mesterverkene til Marx br\u00f8drene, ikke minst fordi den i dag leses som et angrep p\u00e5 nasjonalisme i det de driver gj\u00f8n [&hellip;]<\/p>\n","protected":false},"author":2,"featured_media":0,"parent":0,"menu_order":0,"comment_status":"open","ping_status":"open","template":"","meta":{"footnotes":""},"class_list":["post-1366","page","type-page","status-publish","hentry"],"_links":{"self":[{"href":"https:\/\/www.bodofilmklubb.no\/index.php\/wp-json\/wp\/v2\/pages\/1366","targetHints":{"allow":["GET"]}}],"collection":[{"href":"https:\/\/www.bodofilmklubb.no\/index.php\/wp-json\/wp\/v2\/pages"}],"about":[{"href":"https:\/\/www.bodofilmklubb.no\/index.php\/wp-json\/wp\/v2\/types\/page"}],"author":[{"embeddable":true,"href":"https:\/\/www.bodofilmklubb.no\/index.php\/wp-json\/wp\/v2\/users\/2"}],"replies":[{"embeddable":true,"href":"https:\/\/www.bodofilmklubb.no\/index.php\/wp-json\/wp\/v2\/comments?post=1366"}],"version-history":[{"count":3,"href":"https:\/\/www.bodofilmklubb.no\/index.php\/wp-json\/wp\/v2\/pages\/1366\/revisions"}],"predecessor-version":[{"id":1370,"href":"https:\/\/www.bodofilmklubb.no\/index.php\/wp-json\/wp\/v2\/pages\/1366\/revisions\/1370"}],"wp:attachment":[{"href":"https:\/\/www.bodofilmklubb.no\/index.php\/wp-json\/wp\/v2\/media?parent=1366"}],"curies":[{"name":"wp","href":"https:\/\/api.w.org\/{rel}","templated":true}]}}