{"id":1460,"date":"2018-08-25T14:17:24","date_gmt":"2018-08-25T12:17:24","guid":{"rendered":"http:\/\/www.bodofilmklubb.no\/?page_id=1460"},"modified":"2018-10-17T20:41:09","modified_gmt":"2018-10-17T18:41:09","slug":"frankenstein-1931","status":"publish","type":"page","link":"https:\/\/www.bodofilmklubb.no\/index.php\/frankenstein-1931\/","title":{"rendered":"Frankenstein 1931"},"content":{"rendered":"<p class=\"MsoNormal\">Bod\u00f8 filmklubb og Nord Universitet presenterer: <strong>Mary Shelly\u2019s <em>Frankenstein<\/em> 200 \u00e5r<\/strong><\/p>\n<p class=\"MsoNormal\">Vi viser James Whales filmatisering av <em><a href=\"https:\/\/www.filmweb.no\/film\/article880527.ece\">Frankenstein <\/a><\/em>fra 1931.<\/p>\n<p class=\"MsoNormal\">F\u00e5 romaner har hatt like stor innvirkning p\u00e5 popul\u00e6rkulturen som Mary Shelly\u2019s gotiske fantasien <em>Frankenstein<\/em>. V\u00e5r forst\u00e5else av <em>Frankenstein<\/em> igjen er preget av denne klassiske filmatiseringen fra 1931.<br \/>\nIkke bare inneholder Frankenstein filmhistoriens mest ikoniske monster make-up, regiss\u00f8r James Whale definerte en hel skrekkfilmsjanger. Den dag i dag siterer filmskapere det Whale gjorde i 1931.<\/p>\n<p class=\"MsoNormal\">23. oktober kan du oppleve denne klassiske Universal-monster filmen i litteratursalen. Bod\u00f8 filmklubb bidrar med dette til <em><a href=\"https:\/\/blogg.nord.no\/frankenreads\/\">Frankenreads<\/a><\/em>. Nord Universitet deltar i denne internasjonale markeringen av romanens jubileum. Jamie Callison fra universitetet vil holde en innledning f\u00f8r filmen. Det hele avsluttes med en hemmelig kortfilm!<\/p>\n","protected":false},"excerpt":{"rendered":"<p>Bod\u00f8 filmklubb og Nord Universitet presenterer: Mary Shelly\u2019s Frankenstein 200 \u00e5r Vi viser James Whales filmatisering av Frankenstein fra 1931. F\u00e5 romaner har hatt like stor innvirkning p\u00e5 popul\u00e6rkulturen som Mary Shelly\u2019s gotiske fantasien Frankenstein. V\u00e5r forst\u00e5else av Frankenstein igjen er preget av denne klassiske filmatiseringen fra 1931. Ikke bare inneholder Frankenstein filmhistoriens mest ikoniske [&hellip;]<\/p>\n","protected":false},"author":2,"featured_media":0,"parent":0,"menu_order":0,"comment_status":"open","ping_status":"open","template":"","meta":{"footnotes":""},"class_list":["post-1460","page","type-page","status-publish","hentry"],"_links":{"self":[{"href":"https:\/\/www.bodofilmklubb.no\/index.php\/wp-json\/wp\/v2\/pages\/1460","targetHints":{"allow":["GET"]}}],"collection":[{"href":"https:\/\/www.bodofilmklubb.no\/index.php\/wp-json\/wp\/v2\/pages"}],"about":[{"href":"https:\/\/www.bodofilmklubb.no\/index.php\/wp-json\/wp\/v2\/types\/page"}],"author":[{"embeddable":true,"href":"https:\/\/www.bodofilmklubb.no\/index.php\/wp-json\/wp\/v2\/users\/2"}],"replies":[{"embeddable":true,"href":"https:\/\/www.bodofilmklubb.no\/index.php\/wp-json\/wp\/v2\/comments?post=1460"}],"version-history":[{"count":8,"href":"https:\/\/www.bodofilmklubb.no\/index.php\/wp-json\/wp\/v2\/pages\/1460\/revisions"}],"predecessor-version":[{"id":1487,"href":"https:\/\/www.bodofilmklubb.no\/index.php\/wp-json\/wp\/v2\/pages\/1460\/revisions\/1487"}],"wp:attachment":[{"href":"https:\/\/www.bodofilmklubb.no\/index.php\/wp-json\/wp\/v2\/media?parent=1460"}],"curies":[{"name":"wp","href":"https:\/\/api.w.org\/{rel}","templated":true}]}}