{"id":1474,"date":"2018-09-02T14:21:42","date_gmt":"2018-09-02T12:21:42","guid":{"rendered":"http:\/\/www.bodofilmklubb.no\/?page_id=1474"},"modified":"2018-11-27T09:58:25","modified_gmt":"2018-11-27T07:58:25","slug":"parkert","status":"publish","type":"page","link":"https:\/\/www.bodofilmklubb.no\/index.php\/parkert\/","title":{"rendered":"Parkert"},"content":{"rendered":"<p>Tirsdag 4. desember kl. 18:00 f\u00e5r vi bes\u00f8k av regiss\u00f8r Fredrik Mortensen som vil presentere sin dokumentarfilm <a href=\"http:\/\/www.nnfs.no\/nyheter\/anmeldelse-av-parkert\">Parkert <\/a>. Det hele skjer i litteratursalen til Stormen bibliotek.<\/p>\n<p>Vi vil filmbade Fredrik om sin film og invitere til diskusjon etter visningen.<\/p>\n<p>I &laquo;Parkert&raquo; portretterer Fredrik Mortensen Per &laquo;Parker&raquo; Andreassen, sm\u00e5kriminell og rusavhengig, som over ti\u00e5r preget Troms\u00f8-samfunnet p\u00e5 godt og ganske vondt. Det er ikke f\u00e5 i Troms\u00f8 som har hatt meget ubehagelige sammentreff med Per. Likevel er det noe spesielt med mannen som tilsynelatende hadde alle muligheter til \u00e5 bli noe helt annet enn narkoman.<br \/>\nFredrik har fulgt Per i de siste \u00e5rene av hans liv, intervjuet han og fulgt han til noen sentrale plasser i Troms\u00f8 som preget livet hans.<\/p>\n<p>Vi tror at Fredrik Mortensen har laget en meget spennende film som gir oss anledning til ettertanke &#8211; Hvorfor blir enkelte mennesker rusavhengige og hvilken plass f\u00e5r de i v\u00e5re lokalsamfunn?<\/p>\n<p><span style=\"font-family: Times New Roman; font-size: small;\"> <\/span><\/p>\n<p style=\"margin: 0cm 0cm 10pt;\">Etter filmen vil Kirkens bymisjon delta i en samtale mellom filmskaperen og filmklubben. Det vil ogs\u00e5 bli anledning for publikum til \u00e5 komme med sp\u00f8rsm\u00e5l og tanker om filmen.<\/p>\n<p><span style=\"font-family: Times New Roman;\"> <\/span><\/p>\n<p>Arrangementet er gratis og \u00e5pen for alle, ikke bare filmklubbmedlemmer eller spesielt filminteresserte.<\/p>\n<p>Se traileren <a href=\"https:\/\/vimeo.com\/257014174\">her<\/a>.<\/p>\n<div>Synopsis:<\/div>\n<div><span style=\"font-family: Arial;\">Per\u00a0\u00abParker\u00bb Andreassen hadde  alle muligheter i livet. I sin ungdom var han en skarp elev med gode  karakterer og god sosial teft. Samtidig begynte han, i ung alder, \u00e5  eksperimentere med rus. Eksperimenteringen tok overh\u00e5nd  og han skle ut i en verden dominert av rus, kriminalitet og psykiske  problemer. Denne karrieren varte i over 40 \u00e5r og hans bisarre oppf\u00f8rsel  blant Troms\u00f8s befolkning gjorde han til en av v\u00e5r landsdels mest  beryktede personligheter. En ufrivillig kjendis, kjent  for ting som ingen vil bli kjent for.<\/span><\/div>\n<div><span style=\"font-family: Arial;\">Han ble et begrep og eksemplet  som foreldrene brukte, n\u00e5r de skulle skremme barna sine vekk fra  narkotikaen. Han kunne v\u00e6re skremmende, truende, uforutsigbar og de  aller fleste var redd for Per og for hva han kunne  finne p\u00e5 \u00e5 gj\u00f8re.<\/span><\/div>\n<div><span style=\"font-family: Arial;\"><br \/>\n<\/span><\/div>\n<div><span style=\"font-family: Arial;\">De som sto han n\u00e6r beskriver  det motsatte. En intelligent og reflektert mann, med et stort hjerte for  de han var glad i. Men som i rusp\u00e5virket tilstand, det stikk motsatte.  Mytene og historiene om han er mangfoldige  og med variabel virkelighetsforankring. Hva som er sant og hva som har  v\u00e6rt oppspinn har v\u00e6rt vanskelig \u00e5 skille mellom, n\u00e5r man vokser opp i  Troms\u00f8 og f\u00e5r gjentatte ganger h\u00f8re historier om Per\u00a0\u00abParker\u00bb.<\/span><\/div>\n<div><span style=\"font-family: Arial;\">Dette var en av motivasjonene mine til \u00e5 g\u00e5 i gang med \u00e5 lage et dokumentarisk portrett om Per. <\/span><\/div>\n<div><span style=\"font-family: Arial;\"><br \/>\n<\/span><\/div>\n<div><span style=\"font-family: Arial;\">\u00abParkert\u00bb f\u00f8lger Per Parker i hans siste leve\u00e5r og inviterer publikum inn i en virkelighet, som ingen \u00f8nsker seg.<\/span><\/div>\n<div><span style=\"font-family: Arial;\">Han forteller om sitt liv i  samfunnets skyggeside, om veien til rusen og forholdet til  storsamfunnet. Det er et varmt og inkluderende portrett som humaniserer  en type mennesker som ofte blir stigmatisert og definert  helt og holdent utifra problemene deres i forhold til rus og psykiske  lidelser. Filmen har ogs\u00e5 en forebyggende effekt, da den viser klart og  tydelig hva eksperimentering med narkotika kan f\u00f8re til, samtidig som  den bygger ned stigmaet rundt de personene som  allerede sitter i dette utenforskapet.<\/span><\/div>\n<div><span style=\"font-family: Arial;\">\u00abParkert\u00bb er regissert av  Fredrik Mortensen. Han er filmregiss\u00f8r og manusforfatter fra Troms\u00f8, og  &laquo;Parkert&raquo; er hans f\u00f8rste dokumentarfilm. Filmen hadde sin premiere under  Troms\u00f8 Internasjonale Filmfestival 2018 og ble  raskt en av publikumsvinnerne. I etterkant av TIFF har filmen reist  rundt omkring i hele Norge og v\u00e6rt vist p\u00e5 kinoer, cinematek, den Norske  dokumentarfilmfestivalen i Volda og en rekke lukkede arenaer som skoler  og seminarer relatert til helse-, rus-, og  omsorgsarbeid. Den har vunnet priser ved Awareness Festival i USA, og  ved Courage Filmfestival i Tyskland.<\/span><\/div>\n","protected":false},"excerpt":{"rendered":"<p>Tirsdag 4. desember kl. 18:00 f\u00e5r vi bes\u00f8k av regiss\u00f8r Fredrik Mortensen som vil presentere sin dokumentarfilm Parkert . Det hele skjer i litteratursalen til Stormen bibliotek. Vi vil filmbade Fredrik om sin film og invitere til diskusjon etter visningen. I &laquo;Parkert&raquo; portretterer Fredrik Mortensen Per &laquo;Parker&raquo; Andreassen, sm\u00e5kriminell og rusavhengig, som over ti\u00e5r preget [&hellip;]<\/p>\n","protected":false},"author":2,"featured_media":0,"parent":0,"menu_order":0,"comment_status":"open","ping_status":"open","template":"","meta":{"footnotes":""},"class_list":["post-1474","page","type-page","status-publish","hentry"],"_links":{"self":[{"href":"https:\/\/www.bodofilmklubb.no\/index.php\/wp-json\/wp\/v2\/pages\/1474","targetHints":{"allow":["GET"]}}],"collection":[{"href":"https:\/\/www.bodofilmklubb.no\/index.php\/wp-json\/wp\/v2\/pages"}],"about":[{"href":"https:\/\/www.bodofilmklubb.no\/index.php\/wp-json\/wp\/v2\/types\/page"}],"author":[{"embeddable":true,"href":"https:\/\/www.bodofilmklubb.no\/index.php\/wp-json\/wp\/v2\/users\/2"}],"replies":[{"embeddable":true,"href":"https:\/\/www.bodofilmklubb.no\/index.php\/wp-json\/wp\/v2\/comments?post=1474"}],"version-history":[{"count":8,"href":"https:\/\/www.bodofilmklubb.no\/index.php\/wp-json\/wp\/v2\/pages\/1474\/revisions"}],"predecessor-version":[{"id":1534,"href":"https:\/\/www.bodofilmklubb.no\/index.php\/wp-json\/wp\/v2\/pages\/1474\/revisions\/1534"}],"wp:attachment":[{"href":"https:\/\/www.bodofilmklubb.no\/index.php\/wp-json\/wp\/v2\/media?parent=1474"}],"curies":[{"name":"wp","href":"https:\/\/api.w.org\/{rel}","templated":true}]}}