{"id":1551,"date":"2019-01-19T22:04:25","date_gmt":"2019-01-19T20:04:25","guid":{"rendered":"http:\/\/www.bodofilmklubb.no\/?page_id=1551"},"modified":"2019-02-20T21:44:28","modified_gmt":"2019-02-20T19:44:28","slug":"suspiria","status":"publish","type":"page","link":"https:\/\/www.bodofilmklubb.no\/index.php\/suspiria\/","title":{"rendered":"Suspiria"},"content":{"rendered":"<p>Med stor glede presenterer vi Dario Argentos mesterlige hybrid mellom skrekk- og kunstfilm <em><strong>Suspiria <\/strong><\/em>fra 1977.<\/p>\n<p>Dette er Argentos mest gjennomf\u00f8rte og trolig ogs\u00e5 mest tilgjengelige verk.<\/p>\n<p>Hvordan <em>Suspiria <\/em>har endret sin status fra \u00e5 bli satt i samme b\u00e5s som de mest spekulative italienske skrekkfilmene til \u00e5 bli gjenstand for avhandlinger og Cinematek-visninger er intet mindre enn fascinerende.<\/p>\n<p><em>Suspiria <\/em>vil i dag ikke skremme et publikum som er vant til moderne spenningsfilmer. Det som gj\u00f8r filmen s\u00e5 enest\u00e5ende er den helt unike blandingen av skrekkelementer, musikk- og fargebruk. Her g\u00e5r stilvalgene h\u00e5nd i h\u00e5nd med en handling som f\u00f8lger en egen dr\u00f8mmelogikk. N\u00e6rmere kommer du ikke et mareritt festet p\u00e5 film. <em>Mandy , <\/em>som vi viste som \u00e5pningsfilm for v\u00e5rprogrammet, er en moderne film som kan sammenlignes med den stemningen <em>Suspiria <\/em>skaper.<\/p>\n<p>Kopien vi viser er en fantastisk restaurert versjon av filmen hvor alle Technicolor-fargene vibrerer p\u00e5 lerretet. En s\u00e5 grundig restaurering som bare de virkelige klassikerne f\u00e5r.<\/p>\n<p>Vises med italiensk tale og engelske tekster.<\/p>\n<p><a href=\"https:\/\/www.aftenposten.no\/osloby\/byliv\/i\/zOrGr\/Ikke-en-film-for-deg-med-svake-nerver\">Omtale<\/a>. <a href=\"https:\/\/www.youtube.com\/watch?v=5Y0EEqtWrJI\">Trailer<\/a>.<\/p>\n","protected":false},"excerpt":{"rendered":"<p>Med stor glede presenterer vi Dario Argentos mesterlige hybrid mellom skrekk- og kunstfilm Suspiria fra 1977. Dette er Argentos mest gjennomf\u00f8rte og trolig ogs\u00e5 mest tilgjengelige verk. Hvordan Suspiria har endret sin status fra \u00e5 bli satt i samme b\u00e5s som de mest spekulative italienske skrekkfilmene til \u00e5 bli gjenstand for avhandlinger og Cinematek-visninger er [&hellip;]<\/p>\n","protected":false},"author":2,"featured_media":0,"parent":0,"menu_order":0,"comment_status":"open","ping_status":"open","template":"","meta":{"footnotes":""},"class_list":["post-1551","page","type-page","status-publish","hentry"],"_links":{"self":[{"href":"https:\/\/www.bodofilmklubb.no\/index.php\/wp-json\/wp\/v2\/pages\/1551","targetHints":{"allow":["GET"]}}],"collection":[{"href":"https:\/\/www.bodofilmklubb.no\/index.php\/wp-json\/wp\/v2\/pages"}],"about":[{"href":"https:\/\/www.bodofilmklubb.no\/index.php\/wp-json\/wp\/v2\/types\/page"}],"author":[{"embeddable":true,"href":"https:\/\/www.bodofilmklubb.no\/index.php\/wp-json\/wp\/v2\/users\/2"}],"replies":[{"embeddable":true,"href":"https:\/\/www.bodofilmklubb.no\/index.php\/wp-json\/wp\/v2\/comments?post=1551"}],"version-history":[{"count":3,"href":"https:\/\/www.bodofilmklubb.no\/index.php\/wp-json\/wp\/v2\/pages\/1551\/revisions"}],"predecessor-version":[{"id":1553,"href":"https:\/\/www.bodofilmklubb.no\/index.php\/wp-json\/wp\/v2\/pages\/1551\/revisions\/1553"}],"wp:attachment":[{"href":"https:\/\/www.bodofilmklubb.no\/index.php\/wp-json\/wp\/v2\/media?parent=1551"}],"curies":[{"name":"wp","href":"https:\/\/api.w.org\/{rel}","templated":true}]}}