{"id":1649,"date":"2019-11-24T22:30:14","date_gmt":"2019-11-24T20:30:14","guid":{"rendered":"http:\/\/www.bodofilmklubb.no\/?page_id=1649"},"modified":"2019-11-24T22:33:37","modified_gmt":"2019-11-24T20:33:37","slug":"tirsdagsfilm-031219","status":"publish","type":"page","link":"https:\/\/www.bodofilmklubb.no\/index.php\/tirsdagsfilm-031219\/","title":{"rendered":"Tirsdagsfilm 031219"},"content":{"rendered":"<p class=\"MsoNormal\"><span class=\"comescenicpreform\">I denne noe alternative juleklassikeren, regissert av Joe Dante og produsert av Steven Spielberg, starter historien noks\u00e5 uskyldig med at unge <\/span>Billy Peltzer (Zach Galligan) mottar et uvanlig kj\u00e6ledyr i julegave. Det er den lodne og nusselige mogwaien Gizmo \u2013 med streng beskjed om \u00e5 ikke eksponere det for sterkt lys, ikke la det komme i kontakt med vann, og for all del ikke mate det etter midnatt. Alt dette skjer selvsagt i tur og orden, og kosedyret har snart produsert noen ondsinnede, \u00f8gleaktige avkom. Disse formerer seg ytterligere, og helvete bryter l\u00f8s i den vanligvis rolige sm\u00e5byen Kingston Falls.<\/p>\n<p class=\"MsoNormal\">N\u00e5r vi i dagens popul\u00e6rkultur blir utsatt for s\u00e5 mye 80-talls-nostalgi som aldri f\u00f8r, er denne filmen et av de aller st\u00f8rste referansepunktene: En perfekt blanding av familieunderholdning, skrekk og julekos!<\/p>\n<p class=\"MsoNormal\"><a href=\"https:\/\/www.bodofilmklubb.no\/index.php\/2018\/08\/tirsdagsfilmer-h%c3%b8sten-2018\/\">Mer info filmvisningene i Stormen bibliotek<\/a>.<\/p>\n","protected":false},"excerpt":{"rendered":"<p>I denne noe alternative juleklassikeren, regissert av Joe Dante og produsert av Steven Spielberg, starter historien noks\u00e5 uskyldig med at unge Billy Peltzer (Zach Galligan) mottar et uvanlig kj\u00e6ledyr i julegave. Det er den lodne og nusselige mogwaien Gizmo \u2013 med streng beskjed om \u00e5 ikke eksponere det for sterkt lys, ikke la det komme [&hellip;]<\/p>\n","protected":false},"author":2,"featured_media":0,"parent":0,"menu_order":0,"comment_status":"open","ping_status":"open","template":"","meta":{"footnotes":""},"class_list":["post-1649","page","type-page","status-publish","hentry"],"_links":{"self":[{"href":"https:\/\/www.bodofilmklubb.no\/index.php\/wp-json\/wp\/v2\/pages\/1649","targetHints":{"allow":["GET"]}}],"collection":[{"href":"https:\/\/www.bodofilmklubb.no\/index.php\/wp-json\/wp\/v2\/pages"}],"about":[{"href":"https:\/\/www.bodofilmklubb.no\/index.php\/wp-json\/wp\/v2\/types\/page"}],"author":[{"embeddable":true,"href":"https:\/\/www.bodofilmklubb.no\/index.php\/wp-json\/wp\/v2\/users\/2"}],"replies":[{"embeddable":true,"href":"https:\/\/www.bodofilmklubb.no\/index.php\/wp-json\/wp\/v2\/comments?post=1649"}],"version-history":[{"count":2,"href":"https:\/\/www.bodofilmklubb.no\/index.php\/wp-json\/wp\/v2\/pages\/1649\/revisions"}],"predecessor-version":[{"id":1652,"href":"https:\/\/www.bodofilmklubb.no\/index.php\/wp-json\/wp\/v2\/pages\/1649\/revisions\/1652"}],"wp:attachment":[{"href":"https:\/\/www.bodofilmklubb.no\/index.php\/wp-json\/wp\/v2\/media?parent=1649"}],"curies":[{"name":"wp","href":"https:\/\/api.w.org\/{rel}","templated":true}]}}