{"id":1957,"date":"2022-02-20T16:47:50","date_gmt":"2022-02-20T14:47:50","guid":{"rendered":"http:\/\/www.bodofilmklubb.no\/?page_id=1957"},"modified":"2022-02-20T16:47:50","modified_gmt":"2022-02-20T14:47:50","slug":"tirsdagsfilmen-290322","status":"publish","type":"page","link":"https:\/\/www.bodofilmklubb.no\/index.php\/tirsdagsfilmen-290322\/","title":{"rendered":"Tirsdagsfilmen 290322"},"content":{"rendered":"<p class=\"MsoNormal\">Fra regiss\u00f8r Paul Thomas Anderson, mannen bak &laquo;Boogie Nights&raquo;, &laquo;Magnolia&raquo; og senest \u00abLicorice Pizza\u00bb, kommer en herlig spr\u00f8 romantisk komedie.<\/p>\n<p class=\"MsoNormal\">Barry Egan er forretningsmann. Dog langt ifra av det mest suksessfulle slaget, og med syv s\u00f8stre som ikke akkurat har backet ham opp i \u00e5renes l\u00f8p. Som et resultat av s\u00f8strenes d\u00e5rlige behandling og grusomme oppf\u00f8rsel gjennom mange \u00e5r, blir Barry som voksen et offer for ensomheten. Han opplever det grusomme \u00e5 ikke kunne ta del i kj\u00e6rlighetslivets gleder, det er rett og slett slik at han verken har evne eller kraft til \u00e5 kunne forelske seg i ett annet menneske.<\/p>\n<p class=\"MsoNormal\">Men s\u00e5, n\u00e5r en mystisk kvinne plutselig gj\u00f8r entr\u00e9 i hans liv, da skjer ting som f\u00f8rer Barry ut p\u00e5 en romantisk reise du ikke har sett maken til.<span> <\/span><span> <\/span><\/p>\n","protected":false},"excerpt":{"rendered":"<p>Fra regiss\u00f8r Paul Thomas Anderson, mannen bak &laquo;Boogie Nights&raquo;, &laquo;Magnolia&raquo; og senest \u00abLicorice Pizza\u00bb, kommer en herlig spr\u00f8 romantisk komedie. Barry Egan er forretningsmann. Dog langt ifra av det mest suksessfulle slaget, og med syv s\u00f8stre som ikke akkurat har backet ham opp i \u00e5renes l\u00f8p. Som et resultat av s\u00f8strenes d\u00e5rlige behandling og grusomme [&hellip;]<\/p>\n","protected":false},"author":2,"featured_media":0,"parent":0,"menu_order":0,"comment_status":"open","ping_status":"closed","template":"","meta":{"footnotes":""},"class_list":["post-1957","page","type-page","status-publish","hentry"],"_links":{"self":[{"href":"https:\/\/www.bodofilmklubb.no\/index.php\/wp-json\/wp\/v2\/pages\/1957","targetHints":{"allow":["GET"]}}],"collection":[{"href":"https:\/\/www.bodofilmklubb.no\/index.php\/wp-json\/wp\/v2\/pages"}],"about":[{"href":"https:\/\/www.bodofilmklubb.no\/index.php\/wp-json\/wp\/v2\/types\/page"}],"author":[{"embeddable":true,"href":"https:\/\/www.bodofilmklubb.no\/index.php\/wp-json\/wp\/v2\/users\/2"}],"replies":[{"embeddable":true,"href":"https:\/\/www.bodofilmklubb.no\/index.php\/wp-json\/wp\/v2\/comments?post=1957"}],"version-history":[{"count":1,"href":"https:\/\/www.bodofilmklubb.no\/index.php\/wp-json\/wp\/v2\/pages\/1957\/revisions"}],"predecessor-version":[{"id":1958,"href":"https:\/\/www.bodofilmklubb.no\/index.php\/wp-json\/wp\/v2\/pages\/1957\/revisions\/1958"}],"wp:attachment":[{"href":"https:\/\/www.bodofilmklubb.no\/index.php\/wp-json\/wp\/v2\/media?parent=1957"}],"curies":[{"name":"wp","href":"https:\/\/api.w.org\/{rel}","templated":true}]}}