{"id":203,"date":"2009-08-29T18:14:51","date_gmt":"2009-08-29T16:14:51","guid":{"rendered":"http:\/\/www.bodofilmklubb.no\/?page_id=203"},"modified":"2009-08-29T18:20:39","modified_gmt":"2009-08-29T16:20:39","slug":"pickpocket","status":"publish","type":"page","link":"https:\/\/www.bodofilmklubb.no\/index.php\/pickpocket\/","title":{"rendered":"Pickpocket"},"content":{"rendered":"<p class=\"MsoNormal\" style=\"margin: 0cm 0cm 0pt;\"><strong style=\"mso-bidi-font-weight: normal;\"><span style=\"mso-ansi-language: EN-GB;\" lang=\"EN-GB\"><span style=\"font-size: small;\"><span style=\"font-family: Times New Roman;\">Pickpocket<\/span><\/span><\/span><\/strong><\/p>\n<p class=\"MsoNormal\" style=\"margin: 0cm 0cm 0pt;\"><strong style=\"mso-bidi-font-weight: normal;\"><span style=\"mso-ansi-language: EN-GB;\" lang=\"EN-GB\"><span style=\"font-size: small; font-family: Times New Roman;\">\u00a0<\/span><\/span><\/strong><\/p>\n<p class=\"MsoNormal\" style=\"margin: 0cm 0cm 0pt;\"><span style=\"font-size: small; font-family: Times New Roman;\">Regi: Robert Bresson <\/span><\/p>\n<p class=\"MsoNormal\" style=\"margin: 0cm 0cm 0pt;\"><span style=\"font-size: small; font-family: Times New Roman;\">Skuespillere: Martin LaSalle, Marika Green <\/span><\/p>\n<p class=\"MsoNormal\" style=\"margin: 0cm 0cm 0pt;\"><span style=\"font-size: small; font-family: Times New Roman;\">Nasjonalitet: Frankrike 1959<\/span><\/p>\n<p class=\"MsoNormal\" style=\"margin: 0cm 0cm 0pt;\"><span style=\"font-size: small; font-family: Times New Roman;\">Spr\u00e5k: Fransk \u2013 med engelske tekster<\/span><\/p>\n<p class=\"MsoNormal\" style=\"margin: 0cm 0cm 0pt;\"><span style=\"font-size: small; font-family: Times New Roman;\">Lengde: 1t 15min<\/span><\/p>\n<p class=\"MsoNormal\" style=\"margin: 0cm 0cm 0pt;\"><span style=\"font-size: small; font-family: Times New Roman;\">Utleie: Det franske kultursenteret<\/span><\/p>\n<p class=\"MsoNormal\" style=\"margin: 0cm 0cm 0pt;\"><span style=\"font-size: small; font-family: Times New Roman;\">\u00a0<\/span><\/p>\n<p class=\"MsoNormal\" style=\"margin: 0cm 0cm 0pt;\"><strong style=\"mso-bidi-font-weight: normal;\"><span style=\"font-size: small;\"><span style=\"font-family: Times New Roman;\">Fransk mesterregiss\u00f8r om tvang, hovmod og frelse<\/span><\/span><\/strong><\/p>\n<p class=\"MsoNormal\" style=\"margin: 0cm 0cm 0pt;\"><strong style=\"mso-bidi-font-weight: normal;\"><span style=\"font-size: small; font-family: Times New Roman;\">\u00a0<\/span><\/strong><\/p>\n<p class=\"MsoNormal\" style=\"margin: 0cm 0cm 0pt;\"><span style=\"font-size: small; font-family: Times New Roman;\">Michel er overbevist om at enkelte mennesker har lov til \u00e5 stjele. Han bedriver lommetyveri med stor begavelse og hengivelse til fortvilelse for de mennesker som er ham n\u00e6r. Med en blanding av hovmod og avhengighet styrer han mot avgrunnen. Kan kj\u00e6rligheten redde ham?<\/span><\/p>\n<p class=\"MsoNormal\" style=\"margin: 0cm 0cm 0pt;\"><span style=\"font-size: small; font-family: Times New Roman;\">En tilsynelatende enkel historie blir i <em style=\"mso-bidi-font-style: normal;\">Pickpocket <\/em>til et av mesterverkene i fransk 1950talls film. En film med thriller-plot som undergraver alle krimkonvensjonene. Robert Bresson, som vi for f\u00f8rste gang kan presentere i Bod\u00f8 Filmklubb, er ofte omtalt som <em style=\"mso-bidi-font-style: normal;\">den<\/em> franske regiss\u00f8ren. Bresson har hatt utrolig stor innflytelse p\u00e5 utallige regiss\u00f8rer og filmkunstnere. Hans filmer s\u00e6rpreges av en redusert stil som ogs\u00e5 <em style=\"mso-bidi-font-style: normal;\">Pickpocket<\/em> b\u00e6rer preg av. Bresson er s\u00e5 absolutt en av de regiss\u00f8rene som krever en del av sitt publikum. Ber\u00f8mt er hans \u201dforakt\u201d for skuespill(ere) som resulterte i bruk av amat\u00f8rer. Det er vi, publikummet, som skal fylle figurene med liv og emosjoner!<\/span><\/p>\n<p class=\"MsoNormal\" style=\"margin: 0cm 0cm 0pt;\">\u00a0<\/p>\n<p class=\"MsoNormal\" style=\"margin: 0cm 0cm 0pt;\"><span style=\"font-size: small; font-family: Times New Roman;\">Klipp: <a href=\"http:\/\/www.youtube.com\/watch?v=0zmLLoXRj0Q\">http:\/\/www.youtube.com\/watch?v=0zmLLoXRj0Q<\/a><\/span><\/p>\n<p class=\"MsoNormal\" style=\"margin: 0cm 0cm 0pt;\"><span style=\"font-size: small; font-family: Times New Roman;\">og <a href=\"http:\/\/www.youtube.com\/watch?v=DIPiRPk0VzI\">http:\/\/www.youtube.com\/watch?v=DIPiRPk0VzI<\/a><\/span><\/p>\n","protected":false},"excerpt":{"rendered":"<p>Pickpocket \u00a0 Regi: Robert Bresson Skuespillere: Martin LaSalle, Marika Green Nasjonalitet: Frankrike 1959 Spr\u00e5k: Fransk \u2013 med engelske tekster Lengde: 1t 15min Utleie: Det franske kultursenteret \u00a0 Fransk mesterregiss\u00f8r om tvang, hovmod og frelse \u00a0 Michel er overbevist om at enkelte mennesker har lov til \u00e5 stjele. Han bedriver lommetyveri med stor begavelse og hengivelse [&hellip;]<\/p>\n","protected":false},"author":2,"featured_media":0,"parent":0,"menu_order":0,"comment_status":"open","ping_status":"open","template":"","meta":{"footnotes":""},"class_list":["post-203","page","type-page","status-publish","hentry"],"_links":{"self":[{"href":"https:\/\/www.bodofilmklubb.no\/index.php\/wp-json\/wp\/v2\/pages\/203","targetHints":{"allow":["GET"]}}],"collection":[{"href":"https:\/\/www.bodofilmklubb.no\/index.php\/wp-json\/wp\/v2\/pages"}],"about":[{"href":"https:\/\/www.bodofilmklubb.no\/index.php\/wp-json\/wp\/v2\/types\/page"}],"author":[{"embeddable":true,"href":"https:\/\/www.bodofilmklubb.no\/index.php\/wp-json\/wp\/v2\/users\/2"}],"replies":[{"embeddable":true,"href":"https:\/\/www.bodofilmklubb.no\/index.php\/wp-json\/wp\/v2\/comments?post=203"}],"version-history":[{"count":3,"href":"https:\/\/www.bodofilmklubb.no\/index.php\/wp-json\/wp\/v2\/pages\/203\/revisions"}],"predecessor-version":[{"id":206,"href":"https:\/\/www.bodofilmklubb.no\/index.php\/wp-json\/wp\/v2\/pages\/203\/revisions\/206"}],"wp:attachment":[{"href":"https:\/\/www.bodofilmklubb.no\/index.php\/wp-json\/wp\/v2\/media?parent=203"}],"curies":[{"name":"wp","href":"https:\/\/api.w.org\/{rel}","templated":true}]}}