{"id":2059,"date":"2022-11-27T18:01:11","date_gmt":"2022-11-27T16:01:11","guid":{"rendered":"http:\/\/www.bodofilmklubb.no\/?page_id=2059"},"modified":"2022-11-27T18:04:05","modified_gmt":"2022-11-27T16:04:05","slug":"hva-er-det-med-russland","status":"publish","type":"page","link":"https:\/\/www.bodofilmklubb.no\/index.php\/hva-er-det-med-russland\/","title":{"rendered":"Hva er det med Russland?"},"content":{"rendered":"<div class=\"x11i5rnm xat24cr x1mh8g0r x1vvkbs xdj266r x126k92a\">\n<div>HVA ER DET MED RUSSLAND?<\/div>\n<div>&#8211; Et kunstnerisk, kulturelt og politisk blikk p\u00e5 Russland i dag<\/div>\n<\/div>\n<div class=\"x11i5rnm xat24cr x1mh8g0r x1vvkbs xtlvy1s x126k92a\">\n<div>Barents Press inviterer til et \u00e5pent og gratis helgeseminar i Bod\u00f8 2.-4. desember 2022, i samarbeid med Bod\u00f8 filmklubb. Seminaret tar utgangspunkt i russiske filmkunstneres analyse av eget hjemland. Vi inviterer eksilrussere i form av regiss\u00f8rer og journalister til samtale og diskusjon sammen med norske kolleger og forskere. Ogs\u00e5 ukrainere bosatt i Bod\u00f8 skal bidra for \u00e5 dele sine <span><a tabindex=\"-1\"><\/a><\/span>perspektiver. M\u00e5let er at filmene og samtalene skal gi publikum en dypere innsikt i dagens sv\u00e6rt autorit\u00e6re Russland, og et sivilsamfunn under stort press.<\/div>\n<\/div>\n<div class=\"x11i5rnm xat24cr x1mh8g0r x1vvkbs xtlvy1s x126k92a\">\n<div>Program<\/div>\n<div><strong>Fredag 2. desember:<\/strong><\/div>\n<div>17.00: Filmvisning \u00abLeviathan\u00bb av Andrej Zvjagintsev.<\/div>\n<div>Presentasjon av Bod\u00f8 Filmklubb.<\/div>\n<div><strong>Sted: Nord universitet<\/strong>, A6 (Christian Fredriksen)<\/div>\n<\/div>\n<div class=\"x11i5rnm xat24cr x1mh8g0r x1vvkbs xtlvy1s x126k92a\">\n<div><strong>L\u00f8rdag 3. desember:<\/strong><\/div>\n<div>10.30- 12.30: Filmvisning \u00abSovekup\u00e9 nr 6\u00bb av Juho Kuosmanen<\/div>\n<div>12.45- 13.45: \u00abImperiet og kulturen\u00bb, foredrag og samtale med Ingunn Lunde, professor i russisk spr\u00e5k og litteratur ved UiB. Samtaleleder: Anki Gerhardsen, Barents Press.<\/div>\n<div><strong>Sted: Stormen bibliotek<\/strong><\/div>\n<\/div>\n<div class=\"x11i5rnm xat24cr x1mh8g0r x1vvkbs xtlvy1s x126k92a\">\n<div>15.00-16.30: Bokbad: \u00abEn europeisk tragedie. Hvordan Vesten og Russland ble fiender\u00bb.  Samtale med forfatterne Sten Inge J\u00f8rgensen og Leonid Ragozin. Samtaleleder Stein Sneve, politisk kommentator i Avisa Nordland.<\/div>\n<div><strong>Sted: Picadilly pub<\/strong><\/div>\n<\/div>\n<div class=\"x11i5rnm xat24cr x1mh8g0r x1vvkbs xtlvy1s x126k92a\">\n<div>18.00-18.30: Konsert med Ukraine Classics Quartet.<\/div>\n<div>18.30-19.00: Samtale med ukrainere som lever i eksil i Bod\u00f8. Samtaleleder Anki Gerhardsen, Barents Press.<\/div>\n<div><strong>Sted: Beddingen kulturhus<\/strong><\/div>\n<\/div>\n<div class=\"x11i5rnm xat24cr x1mh8g0r x1vvkbs xtlvy1s x126k92a\">\n<div><strong>S\u00f8ndag 4. desember<\/strong><\/div>\n<div>12.00-13.30: Filmvisning, \u00abPutins Vitner\u00bb av Vitalij Manskij<\/div>\n<div>13.45-14.45: Sceneintervju med regiss\u00f8r Vitalij Manskij, ledet av Kari Skeie, Barents Press.<\/div>\n<div><strong>Sted: Stormen bibliotek<\/strong><\/div>\n<\/div>\n<div class=\"x11i5rnm xat24cr x1mh8g0r x1vvkbs xtlvy1s x126k92a\">\n<div>Seminaret er st\u00f8ttet av Barentssekretariatet<\/div>\n<div><\/div>\n<div><a href=\"https:\/\/www.facebook.com\/barentspressnorge\/\">Barents Press Norge | Facebook<\/a><\/div>\n<\/div>\n","protected":false},"excerpt":{"rendered":"<p>HVA ER DET MED RUSSLAND? &#8211; Et kunstnerisk, kulturelt og politisk blikk p\u00e5 Russland i dag Barents Press inviterer til et \u00e5pent og gratis helgeseminar i Bod\u00f8 2.-4. desember 2022, i samarbeid med Bod\u00f8 filmklubb. Seminaret tar utgangspunkt i russiske filmkunstneres analyse av eget hjemland. Vi inviterer eksilrussere i form av regiss\u00f8rer og journalister til [&hellip;]<\/p>\n","protected":false},"author":2,"featured_media":0,"parent":0,"menu_order":0,"comment_status":"open","ping_status":"closed","template":"","meta":{"footnotes":""},"class_list":["post-2059","page","type-page","status-publish","hentry"],"_links":{"self":[{"href":"https:\/\/www.bodofilmklubb.no\/index.php\/wp-json\/wp\/v2\/pages\/2059","targetHints":{"allow":["GET"]}}],"collection":[{"href":"https:\/\/www.bodofilmklubb.no\/index.php\/wp-json\/wp\/v2\/pages"}],"about":[{"href":"https:\/\/www.bodofilmklubb.no\/index.php\/wp-json\/wp\/v2\/types\/page"}],"author":[{"embeddable":true,"href":"https:\/\/www.bodofilmklubb.no\/index.php\/wp-json\/wp\/v2\/users\/2"}],"replies":[{"embeddable":true,"href":"https:\/\/www.bodofilmklubb.no\/index.php\/wp-json\/wp\/v2\/comments?post=2059"}],"version-history":[{"count":2,"href":"https:\/\/www.bodofilmklubb.no\/index.php\/wp-json\/wp\/v2\/pages\/2059\/revisions"}],"predecessor-version":[{"id":2061,"href":"https:\/\/www.bodofilmklubb.no\/index.php\/wp-json\/wp\/v2\/pages\/2059\/revisions\/2061"}],"wp:attachment":[{"href":"https:\/\/www.bodofilmklubb.no\/index.php\/wp-json\/wp\/v2\/media?parent=2059"}],"curies":[{"name":"wp","href":"https:\/\/api.w.org\/{rel}","templated":true}]}}