{"id":2156,"date":"2023-09-10T17:49:59","date_gmt":"2023-09-10T15:49:59","guid":{"rendered":"http:\/\/www.bodofilmklubb.no\/?page_id=2156"},"modified":"2023-09-10T17:56:49","modified_gmt":"2023-09-10T15:56:49","slug":"stille-liv","status":"publish","type":"page","link":"https:\/\/www.bodofilmklubb.no\/index.php\/stille-liv\/","title":{"rendered":"Stille liv"},"content":{"rendered":"<p class=\"MsoNormal\">Spilletid: 1t 42m<\/p>\n<p class=\"MsoNormal\">Produsert: Danmark 2023<\/p>\n<p class=\"MsoNormal\">Regi: Malene Choi<\/p>\n<p class=\"MsoNormal\">Medvirkende: Cornelius Won Riedel-Clausen, Bodil J\u00f8rgensen, Bjarne Henriksen<\/p>\n<p class=\"MsoNormal\">Tale: Dansk<\/p>\n<p class=\"MsoNormal\">Tekst: Engelsk<\/p>\n<p class=\"MsoNormal\">\n<p class=\"MsoNormal\">\n<p class=\"MsoNormal\"><strong>Magisk realisme fra den danske landsbygda.<\/strong><\/p>\n<p class=\"MsoNormal\">Denne filmen er like bemerkelsesverdig som den er stillferdig; s\u00e5 lavm\u00e6lt og lett p\u00e5 foten at du f\u00f8ler at den duver i vei som en rolig dr\u00f8m, og samtidig gir den et dypt og rystende inntrykk.<\/p>\n<p class=\"MsoNormal\">Carl er adoptert s\u00f8nn og odelsgutt p\u00e5 en g\u00e5rd p\u00e5 den danske landsbygda. Foreldrene begynner \u00e5 bli gamle, og de vil at Carl skal ta over g\u00e5rden. Men Carl er usikker. Han dr\u00f8mmer om Korea, og n\u00e5r sant skal sies har han alltid v\u00e6rt en fremmed i den lille danske landsbyen hvor han har bodd nesten hele livet. F\u00f8lelsen av \u00e5 v\u00e6re annerledes vekkes stadig til live gjennom rasistiske kommentarer som blir slengt etter ham p\u00e5 puben eller i familieselskaper, kommentarer som foreldrene pr\u00f8ver \u00e5 overse.<\/p>\n<p class=\"MsoNormal\"><em>Stille liv<\/em> er en varsomt fortalt film og et finstemt og r\u00f8rende drama. Visuelt er den en nytelse, med en stilistisk renhet som gir den en tidl\u00f8s kvalitet, med rolige, ofte tabl\u00e5aktige bilder, mesterlig komponert av filmfotografen Louise McLaughlin, som regnes som en av Danmarks beste. Hvert bilde og hver scene f\u00f8les som noe nytt og friskt, og filmen f\u00f8les uforutsigbar \u2013 hver gang det klippes, tar filmen deg i en litt annen retning enn du forventer. Filmen har klare dokumentariske kvaliteter, men det er p\u00e5 ingen m\u00e5te et rendyrket realistisk drama. Allerede i \u00e5pningsscenen, hvor en meteoritt dundrer ned p\u00e5 et \u00e5pent jorde, skj\u00f8nner vi at det er realisme med en magisk dimensjon. Her er dr\u00f8mmesekvenser som gj\u00f8r at enkelte trekker paralleller til thailandske Apichatpong Weerasethakuls Onkel Boonmee som kan erindre sine tidligere liv og andre asiatiske filmer med overnaturlige innslag, og b\u00e5de de plutselige, skr\u00e5 kameravinklene og bruken av musikk skaper f\u00f8lelsen av at vi beveger oss mellom det konkrete og det symbolske.<\/p>\n<p class=\"MsoNormal\"><em>Stille liv <\/em>er et mesterlig fortalt drama om utenforskap og identitet. Malene Choi kom selv til Danmark som adoptivbarn fra S\u00f8r-Korea i ung alder, og hun forteller en historie som er b\u00e5de n\u00e6r og personlig. Malene Choi er ogs\u00e5 et visuelt talent som seiler opp som en av de mest interessante regiss\u00f8rene i Norden for tida.<\/p>\n<p class=\"MsoNormal\">I Samarbeid med Cinematekene<\/p>\n<p class=\"MsoNormal\"><a href=\"https:\/\/www.youtube.com\/watch?v=w-fPhC1SxUk\">Trailer<\/a><\/p>\n","protected":false},"excerpt":{"rendered":"<p>Spilletid: 1t 42m Produsert: Danmark 2023 Regi: Malene Choi Medvirkende: Cornelius Won Riedel-Clausen, Bodil J\u00f8rgensen, Bjarne Henriksen Tale: Dansk Tekst: Engelsk Magisk realisme fra den danske landsbygda. Denne filmen er like bemerkelsesverdig som den er stillferdig; s\u00e5 lavm\u00e6lt og lett p\u00e5 foten at du f\u00f8ler at den duver i vei som en rolig dr\u00f8m, og [&hellip;]<\/p>\n","protected":false},"author":2,"featured_media":0,"parent":0,"menu_order":0,"comment_status":"open","ping_status":"closed","template":"","meta":{"footnotes":""},"class_list":["post-2156","page","type-page","status-publish","hentry"],"_links":{"self":[{"href":"https:\/\/www.bodofilmklubb.no\/index.php\/wp-json\/wp\/v2\/pages\/2156","targetHints":{"allow":["GET"]}}],"collection":[{"href":"https:\/\/www.bodofilmklubb.no\/index.php\/wp-json\/wp\/v2\/pages"}],"about":[{"href":"https:\/\/www.bodofilmklubb.no\/index.php\/wp-json\/wp\/v2\/types\/page"}],"author":[{"embeddable":true,"href":"https:\/\/www.bodofilmklubb.no\/index.php\/wp-json\/wp\/v2\/users\/2"}],"replies":[{"embeddable":true,"href":"https:\/\/www.bodofilmklubb.no\/index.php\/wp-json\/wp\/v2\/comments?post=2156"}],"version-history":[{"count":3,"href":"https:\/\/www.bodofilmklubb.no\/index.php\/wp-json\/wp\/v2\/pages\/2156\/revisions"}],"predecessor-version":[{"id":2166,"href":"https:\/\/www.bodofilmklubb.no\/index.php\/wp-json\/wp\/v2\/pages\/2156\/revisions\/2166"}],"wp:attachment":[{"href":"https:\/\/www.bodofilmklubb.no\/index.php\/wp-json\/wp\/v2\/media?parent=2156"}],"curies":[{"name":"wp","href":"https:\/\/api.w.org\/{rel}","templated":true}]}}