{"id":2170,"date":"2023-09-10T18:09:43","date_gmt":"2023-09-10T16:09:43","guid":{"rendered":"http:\/\/www.bodofilmklubb.no\/?page_id=2170"},"modified":"2023-11-19T15:02:16","modified_gmt":"2023-11-19T13:02:16","slug":"babettes-gjestebud","status":"publish","type":"page","link":"https:\/\/www.bodofilmklubb.no\/index.php\/babettes-gjestebud\/","title":{"rendered":"Babettes gjestebud"},"content":{"rendered":"<p class=\"MsoNormal\">Spilletid: 1t 39m<\/p>\n<p class=\"MsoNormal\">Originaltittel: Babettes g\u00e6stebud<\/p>\n<p class=\"MsoNormal\">Produsert: Danmark 1987<\/p>\n<p class=\"MsoNormal\">Regi: Gabriel Axel<\/p>\n<p class=\"MsoNormal\">Medvirkende: St\u00e9phane Audran, Jarl Kulle, Bodil Kjer<\/p>\n<p class=\"MsoNormal\">Tale: Dansk<\/p>\n<p class=\"MsoNormal\">Tekst: Norsk<\/p>\n<p class=\"MsoNormal\">\n<p class=\"MsoNormal\"><strong>Vi ringer inn desember-m\u00e5ned med denne danske filmperlen<\/strong><\/p>\n<p class=\"MsoNormal\">Mesterkokken Babette kommer p\u00e5 sin flukt fra kommunard-oppstanden i Paris i 1871 til en puritansk avkrok i Norden og blir husholderske for to n\u00f8ysomme prested\u00f8tre. Hun vinner et stort lotteri og bruker gevinsten til \u00e5 servere de lokale pietistene et himmelsk m\u00e5ltid.<\/p>\n<p class=\"MsoNormal\">Karen Blixens subtile fortelling om kunstens mysterium og om hvordan livets gleder ikke b\u00f8r eller skal fornektes, blir i regiss\u00f8r Gabriel Axels frie tolkning lunere og hyggeligere. Dette er den f\u00f8rste danske filmen som fikk en Oscar for beste fremmedspr\u00e5klige film.<\/p>\n<p class=\"MsoNormal\">I samarbeid med cinematekene<\/p>\n<p class=\"MsoNormal\"><a href=\"https:\/\/www.youtube.com\/watch?v=H5w9skKcdnA\">Trailer<\/a><\/p>\n","protected":false},"excerpt":{"rendered":"<p>Spilletid: 1t 39m Originaltittel: Babettes g\u00e6stebud Produsert: Danmark 1987 Regi: Gabriel Axel Medvirkende: St\u00e9phane Audran, Jarl Kulle, Bodil Kjer Tale: Dansk Tekst: Norsk Vi ringer inn desember-m\u00e5ned med denne danske filmperlen Mesterkokken Babette kommer p\u00e5 sin flukt fra kommunard-oppstanden i Paris i 1871 til en puritansk avkrok i Norden og blir husholderske for to n\u00f8ysomme [&hellip;]<\/p>\n","protected":false},"author":2,"featured_media":0,"parent":0,"menu_order":0,"comment_status":"open","ping_status":"closed","template":"","meta":{"footnotes":""},"class_list":["post-2170","page","type-page","status-publish","hentry"],"_links":{"self":[{"href":"https:\/\/www.bodofilmklubb.no\/index.php\/wp-json\/wp\/v2\/pages\/2170","targetHints":{"allow":["GET"]}}],"collection":[{"href":"https:\/\/www.bodofilmklubb.no\/index.php\/wp-json\/wp\/v2\/pages"}],"about":[{"href":"https:\/\/www.bodofilmklubb.no\/index.php\/wp-json\/wp\/v2\/types\/page"}],"author":[{"embeddable":true,"href":"https:\/\/www.bodofilmklubb.no\/index.php\/wp-json\/wp\/v2\/users\/2"}],"replies":[{"embeddable":true,"href":"https:\/\/www.bodofilmklubb.no\/index.php\/wp-json\/wp\/v2\/comments?post=2170"}],"version-history":[{"count":3,"href":"https:\/\/www.bodofilmklubb.no\/index.php\/wp-json\/wp\/v2\/pages\/2170\/revisions"}],"predecessor-version":[{"id":2217,"href":"https:\/\/www.bodofilmklubb.no\/index.php\/wp-json\/wp\/v2\/pages\/2170\/revisions\/2217"}],"wp:attachment":[{"href":"https:\/\/www.bodofilmklubb.no\/index.php\/wp-json\/wp\/v2\/media?parent=2170"}],"curies":[{"name":"wp","href":"https:\/\/api.w.org\/{rel}","templated":true}]}}