{"id":2175,"date":"2023-09-10T18:22:49","date_gmt":"2023-09-10T16:22:49","guid":{"rendered":"http:\/\/www.bodofilmklubb.no\/?page_id=2175"},"modified":"2023-09-10T18:28:27","modified_gmt":"2023-09-10T16:28:27","slug":"how-to-blow-up-a-pipeline","status":"publish","type":"page","link":"https:\/\/www.bodofilmklubb.no\/index.php\/how-to-blow-up-a-pipeline\/","title":{"rendered":"How to Blow Up a Pipeline"},"content":{"rendered":"<p class=\"MsoNormal\">Regiss\u00f8r: Daniel Goldhaber<\/p>\n<p class=\"MsoNormal\">Land: USA<\/p>\n<p class=\"MsoNormal\">\u00c5r: 2022<\/p>\n<p class=\"MsoNormal\">Spilletid: 1t 43m<\/p>\n<p class=\"MsoNormal\">Skuespillere: Ariela Barer, Kristine Froseth, Lukas Gage, Forrest Goodluck, Sasha Lane, Jayme Lawson<\/p>\n<p class=\"MsoNormal\">Spr\u00e5k: Engelsk<\/p>\n<p class=\"MsoNormal\">Tekst: Norsk<\/p>\n<p class=\"MsoNormal\">\n<p class=\"MsoNormal\">\n<p class=\"MsoNormal\">\u00c5revis med demonstrasjoner og protester har v\u00e6rt nyttel\u00f8se. En gruppe milj\u00f8aktivister bestemmer seg for \u00e5 eskalere tiltakene, og begir seg ut p\u00e5 en farefull ferd i Texas-\u00f8rkenen med m\u00e5l om \u00e5 sprenge en oljer\u00f8rledning.<\/p>\n<p class=\"MsoNormal\">En gruppe unge milj\u00f8aktivister er samlet i Texas med et m\u00e5l for \u00f8ye: \u00e5 sprenge en r\u00f8rledning. De har alle lidd som f\u00f8lge av klimaendringene og industrien som for\u00e5rsaker de. Blant annet har gruppens leder, Xochitl, blitt foreldrel\u00f8s etter at moren hennes d\u00f8de i en heteb\u00f8lge. \u00c5revis med demonstrasjoner og protester har ikke f\u00f8rt noe sted, og gruppen er fast bestemt p\u00e5 at en dramatisk aksjon er n\u00f8dvendig.<\/p>\n<p class=\"MsoNormal\"><em>How to Blow Up a Pipeline<\/em> baserer seg p\u00e5 manifestet ved samme navn som den svenske klimaaktivisten Andreas Malm utga i 2021. Her argumenterer han for sabotasje som et middel i kampen mot global oppvarming. Med dette som utgangspunkt har regiss\u00f8r Daniel Goldhaber konstruert en neglebitende spenningsfilm \u2013 en heist-film smidd over samme lest som Ocean\u2019s Eleven, riktignok med langt alvorligere ting p\u00e5 hjertet \u2013 som f\u00f8lger aktivistenes risikable vei mot sitt eksplosive m\u00e5l. (TIFF)<\/p>\n<p class=\"MsoNormal\"><a href=\"https:\/\/www.youtube.com\/watch?v=bSb585bGYmQ\">Trailer<\/a><\/p>\n","protected":false},"excerpt":{"rendered":"<p>Regiss\u00f8r: Daniel Goldhaber Land: USA \u00c5r: 2022 Spilletid: 1t 43m Skuespillere: Ariela Barer, Kristine Froseth, Lukas Gage, Forrest Goodluck, Sasha Lane, Jayme Lawson Spr\u00e5k: Engelsk Tekst: Norsk \u00c5revis med demonstrasjoner og protester har v\u00e6rt nyttel\u00f8se. En gruppe milj\u00f8aktivister bestemmer seg for \u00e5 eskalere tiltakene, og begir seg ut p\u00e5 en farefull ferd i Texas-\u00f8rkenen med [&hellip;]<\/p>\n","protected":false},"author":2,"featured_media":0,"parent":0,"menu_order":0,"comment_status":"open","ping_status":"closed","template":"","meta":{"footnotes":""},"class_list":["post-2175","page","type-page","status-publish","hentry"],"_links":{"self":[{"href":"https:\/\/www.bodofilmklubb.no\/index.php\/wp-json\/wp\/v2\/pages\/2175","targetHints":{"allow":["GET"]}}],"collection":[{"href":"https:\/\/www.bodofilmklubb.no\/index.php\/wp-json\/wp\/v2\/pages"}],"about":[{"href":"https:\/\/www.bodofilmklubb.no\/index.php\/wp-json\/wp\/v2\/types\/page"}],"author":[{"embeddable":true,"href":"https:\/\/www.bodofilmklubb.no\/index.php\/wp-json\/wp\/v2\/users\/2"}],"replies":[{"embeddable":true,"href":"https:\/\/www.bodofilmklubb.no\/index.php\/wp-json\/wp\/v2\/comments?post=2175"}],"version-history":[{"count":3,"href":"https:\/\/www.bodofilmklubb.no\/index.php\/wp-json\/wp\/v2\/pages\/2175\/revisions"}],"predecessor-version":[{"id":2179,"href":"https:\/\/www.bodofilmklubb.no\/index.php\/wp-json\/wp\/v2\/pages\/2175\/revisions\/2179"}],"wp:attachment":[{"href":"https:\/\/www.bodofilmklubb.no\/index.php\/wp-json\/wp\/v2\/media?parent=2175"}],"curies":[{"name":"wp","href":"https:\/\/api.w.org\/{rel}","templated":true}]}}