{"id":2201,"date":"2023-10-18T17:00:56","date_gmt":"2023-10-18T15:00:56","guid":{"rendered":"http:\/\/www.bodofilmklubb.no\/?page_id=2201"},"modified":"2023-11-19T15:00:56","modified_gmt":"2023-11-19T13:00:56","slug":"the-ordinaries","status":"publish","type":"page","link":"https:\/\/www.bodofilmklubb.no\/index.php\/the-ordinaries\/","title":{"rendered":"The Ordinaries"},"content":{"rendered":"<p class=\"MsoNormal\"><strong>Bod\u00f8 filmklubb feirer 20 \u00e5r! Fram kino feirer 115 \u00e5r med kinodrift i Bod\u00f8!! Sammen lager vi fest l\u00f8rdag 16. desember!<\/strong><\/p>\n<p class=\"MsoNormal\">Gratis for aktive medlemmer &#8211; Alle andre: inngang kroner 20,-<\/p>\n<p class=\"MsoNormal\">\n<p class=\"MsoNormal\">\n<p class=\"MsoNormal\"><span lang=\"EN-GB\">Originaltittel: The Ordinaries<\/span><\/p>\n<p class=\"MsoNormal\"><span lang=\"EN-GB\">Varighet: 2 t<\/span><\/p>\n<p class=\"MsoNormal\"><span lang=\"EN-GB\">Tyskland 2022<\/span><\/p>\n<p class=\"MsoNormal\">Originalspr\u00e5k: Tysk<\/p>\n<p class=\"MsoNormal\">Tekster: Engelsk<\/p>\n<p class=\"MsoNormal\">Regiss\u00f8r: <span>Sophie Linnenbaum<\/span><\/p>\n<p class=\"MsoNormal\"><span>Alder: ungdom, 12 \u00e5r<\/span><\/p>\n<p class=\"MsoNormal\"><span> <\/span><\/p>\n<p class=\"MsoNormal\"><span><strong>En sv\u00e6rt underholdende science-fiction parabel som er full av ideer fra filmhistorien<\/strong><\/span><\/p>\n<p class=\"MsoNormal\"><span> <\/span><\/p>\n<p class=\"MsoNormal\"><span>Sophie Linnenbaums debutfilm er den perfekte gaven til alle som er glad i film. <em>The Ordinaries<\/em> blander sjangerelementer fra science-fiction, coming-of-age-drama og satire og forteller historien om en verden som er preget av filmkategorier. <\/span><\/p>\n<p class=\"MsoNormal\"><span>Paula \u00f8nsker \u00e5 leve et glamor\u00f8st liv som <em>hovedrolle<\/em>, med sin egen historie, spennende scener og mye musikk &#8211; i motsetning til moren, som sitter fast i bakgrunnen som en birolle med begrenset dialog og mangel p\u00e5 f\u00f8lelser. Derfor \u00f8nsker Paula \u00e5 studere p\u00e5 skolen for hovedkarakterene, for \u00e5 bevise at hun har det som trengs for \u00e5 v\u00e6re en overbevisende hovedrolle. Hun er best i klassen i <em>cliffhanging<\/em>, hun kan drive med <em>sakte film<\/em> og panikkartet skriking, men s\u00e5 langt har hun ikke klart \u00e5 vekke f\u00f8lelser. P\u00e5 jakt etter ekte f\u00f8lelser vandrer hun inn i filmbransjens underverden, inn i sumpene til de foraktede <em>outtakes<\/em> i utkanten av samfunnet. Men i stedet for grusomme oppr\u00f8rere m\u00f8ter hun elskeverdige karakterer, feilaktige tagninger som lever i konstant frykt for \u00e5 bli kuttet ut av manuset. Paula begynner \u00e5 stille sp\u00f8rsm\u00e5l: om seg selv, om hennes rolle i historien, og om de som forteller historiene.<\/span><\/p>\n<p class=\"MsoNormal\"><span>Eksklusiv visning i Bod\u00f8! Med st\u00f8tte fra Goethe-Institut Norwegen.<\/span><\/p>\n<p class=\"MsoNormal\"><a href=\"https:\/\/www.youtube.com\/watch?v=uzqG1KbPz8k\">Trailer<\/a><\/p>\n","protected":false},"excerpt":{"rendered":"<p>Bod\u00f8 filmklubb feirer 20 \u00e5r! Fram kino feirer 115 \u00e5r med kinodrift i Bod\u00f8!! Sammen lager vi fest l\u00f8rdag 16. desember! Gratis for aktive medlemmer &#8211; Alle andre: inngang kroner 20,- Originaltittel: The Ordinaries Varighet: 2 t Tyskland 2022 Originalspr\u00e5k: Tysk Tekster: Engelsk Regiss\u00f8r: Sophie Linnenbaum Alder: ungdom, 12 \u00e5r En sv\u00e6rt underholdende science-fiction parabel [&hellip;]<\/p>\n","protected":false},"author":2,"featured_media":0,"parent":0,"menu_order":0,"comment_status":"open","ping_status":"closed","template":"","meta":{"footnotes":""},"class_list":["post-2201","page","type-page","status-publish","hentry"],"_links":{"self":[{"href":"https:\/\/www.bodofilmklubb.no\/index.php\/wp-json\/wp\/v2\/pages\/2201","targetHints":{"allow":["GET"]}}],"collection":[{"href":"https:\/\/www.bodofilmklubb.no\/index.php\/wp-json\/wp\/v2\/pages"}],"about":[{"href":"https:\/\/www.bodofilmklubb.no\/index.php\/wp-json\/wp\/v2\/types\/page"}],"author":[{"embeddable":true,"href":"https:\/\/www.bodofilmklubb.no\/index.php\/wp-json\/wp\/v2\/users\/2"}],"replies":[{"embeddable":true,"href":"https:\/\/www.bodofilmklubb.no\/index.php\/wp-json\/wp\/v2\/comments?post=2201"}],"version-history":[{"count":9,"href":"https:\/\/www.bodofilmklubb.no\/index.php\/wp-json\/wp\/v2\/pages\/2201\/revisions"}],"predecessor-version":[{"id":2216,"href":"https:\/\/www.bodofilmklubb.no\/index.php\/wp-json\/wp\/v2\/pages\/2201\/revisions\/2216"}],"wp:attachment":[{"href":"https:\/\/www.bodofilmklubb.no\/index.php\/wp-json\/wp\/v2\/media?parent=2201"}],"curies":[{"name":"wp","href":"https:\/\/api.w.org\/{rel}","templated":true}]}}