{"id":237,"date":"2009-08-29T22:09:02","date_gmt":"2009-08-29T20:09:02","guid":{"rendered":"http:\/\/www.bodofilmklubb.no\/?page_id=237"},"modified":"2009-08-29T22:09:02","modified_gmt":"2009-08-29T20:09:02","slug":"englebukten","status":"publish","type":"page","link":"https:\/\/www.bodofilmklubb.no\/index.php\/englebukten\/","title":{"rendered":"Englebukten"},"content":{"rendered":"<p class=\"MsoNormal\" style=\"margin: 0cm 0cm 0pt;\"><span style=\"font-size: small;\"><span style=\"font-family: Times New Roman;\">Originaltittel: <span class=\"tittel\">La baie des anges<\/span><\/span><\/span><\/p>\n<p class=\"MsoNormal\" style=\"margin: 0cm 0cm 0pt;\"><span class=\"tittel\"><span style=\"font-size: small;\"><span style=\"font-family: Times New Roman;\">Regi: Jaques Demy<\/span><\/span><\/span><\/p>\n<p class=\"MsoNormal\" style=\"margin: 0cm 0cm 0pt;\"><span class=\"tittel\"><span style=\"font-size: small;\"><span style=\"font-family: Times New Roman;\">Skuespillere: Jeanne Moreau, Claude Mann<\/span><\/span><\/span><\/p>\n<p class=\"MsoNormal\" style=\"margin: 0cm 0cm 0pt;\"><span class=\"tittel\"><span style=\"font-size: small;\"><span style=\"font-family: Times New Roman;\">Nasjonalitet: Frankrike 1963<\/span><\/span><\/span><\/p>\n<p class=\"MsoNormal\" style=\"margin: 0cm 0cm 0pt;\"><span class=\"tittel\"><span style=\"font-size: small;\"><span style=\"font-family: Times New Roman;\">Spr\u00e5k: Fransk \u2013 med engelske tekster<\/span><\/span><\/span><\/p>\n<p class=\"MsoNormal\" style=\"margin: 0cm 0cm 0pt;\"><span class=\"tittel\"><span style=\"font-size: small;\"><span style=\"font-family: Times New Roman;\">Lengde: 1t 25min<\/span><\/span><\/span><\/p>\n<p class=\"MsoNormal\" style=\"margin: 0cm 0cm 0pt;\"><span class=\"tittel\"><span style=\"font-size: small;\"><span style=\"font-family: Times New Roman;\">Utleie: Det franske kultursenter<\/span><\/span><\/span><\/p>\n<p class=\"MsoNormal\" style=\"margin: 0cm 0cm 0pt;\"><span class=\"tittel\"><span style=\"font-size: small; font-family: Times New Roman;\">\u00a0<\/span><\/span><\/p>\n<p class=\"MsoNormal\" style=\"margin: 0cm 0cm 0pt;\"><span class=\"tittel\"><span style=\"font-size: small;\"><span style=\"font-family: Times New Roman;\">Lidenskap og gambling i Jaques Demys nyb\u00f8lgefilm med <em style=\"mso-bidi-font-style: normal;\">film noir<\/em> toner<\/span><\/span><\/span><\/p>\n<p class=\"MsoNormal\" style=\"margin: 0cm 0cm 0pt;\"><span class=\"tittel\"><span style=\"font-size: small; font-family: Times New Roman;\">\u00a0<\/span><\/span><\/p>\n<p class=\"MsoNormal\" style=\"margin: 0cm 0cm 0pt;\"><span style=\"font-size: small;\"><span style=\"font-family: Times New Roman;\"><span class=\"tittel\">Jean blir hektet p\u00e5 gambling etter at det f\u00f8rste fors\u00f8ket ga stor uttelling. I et kasino m\u00f8ter han spillegale Jackie (Jeanne Moreau) som han forelsker seg i. Dette er starten p\u00e5 en slags <\/span><em>m\u00e9nage \u00e0 trois<\/em><span style=\"mso-bidi-font-style: italic;\">, der spillet er den tredje parten. <\/span><\/span><\/span><\/p>\n<p><span style=\"font-size: 12pt; font-family: &quot;Times New Roman&quot;; mso-fareast-font-family: 'Times New Roman'; mso-bidi-font-style: italic; mso-ansi-language: NO-BOK; mso-fareast-language: NO-BOK; mso-bidi-language: AR-SA;\">Hovedpersonen i filmen er utvilsomt kasinoverdenen og m\u00e5ten Demy filmer sine karakterer i denne omgivelsen er rett og slett uts\u00f8kt. I motsetning til andre nyb\u00f8lgefilmer er <em>Englebukten <\/em>ikke preget av formelle eksperimenter, den utmerker seg derimot gjennom sin vilje til reduksjon og en viss formell strenghet. <em>Englebukten<\/em> er ikke en av de mest kjente filmene fra perioden, men utvilsomt en som det l\u00f8nner seg \u00e5 oppdage \u2013 hvis bare for Jeanne Moreau sin skyld, for hun er enest\u00e5ende i sitt n\u00e6rv\u00e6r p\u00e5 lerretet. <\/span><\/p>\n<p><span style=\"font-size: 12pt; font-family: &quot;Times New Roman&quot;; mso-fareast-font-family: 'Times New Roman'; mso-bidi-font-style: italic; mso-ansi-language: NO-BOK; mso-fareast-language: NO-BOK; mso-bidi-language: AR-SA;\">Trailer: <a href=\"http:\/\/www.youtube.com\/watch?v=Sbpi5U72hu0&amp;feature=related\">http:\/\/www.youtube.com\/watch?v=Sbpi5U72hu0&amp;feature=related<\/a><\/span><\/p>\n","protected":false},"excerpt":{"rendered":"<p>Originaltittel: La baie des anges Regi: Jaques Demy Skuespillere: Jeanne Moreau, Claude Mann Nasjonalitet: Frankrike 1963 Spr\u00e5k: Fransk \u2013 med engelske tekster Lengde: 1t 25min Utleie: Det franske kultursenter \u00a0 Lidenskap og gambling i Jaques Demys nyb\u00f8lgefilm med film noir toner \u00a0 Jean blir hektet p\u00e5 gambling etter at det f\u00f8rste fors\u00f8ket ga stor uttelling. [&hellip;]<\/p>\n","protected":false},"author":2,"featured_media":0,"parent":0,"menu_order":0,"comment_status":"open","ping_status":"open","template":"","meta":{"footnotes":""},"class_list":["post-237","page","type-page","status-publish","hentry"],"_links":{"self":[{"href":"https:\/\/www.bodofilmklubb.no\/index.php\/wp-json\/wp\/v2\/pages\/237","targetHints":{"allow":["GET"]}}],"collection":[{"href":"https:\/\/www.bodofilmklubb.no\/index.php\/wp-json\/wp\/v2\/pages"}],"about":[{"href":"https:\/\/www.bodofilmklubb.no\/index.php\/wp-json\/wp\/v2\/types\/page"}],"author":[{"embeddable":true,"href":"https:\/\/www.bodofilmklubb.no\/index.php\/wp-json\/wp\/v2\/users\/2"}],"replies":[{"embeddable":true,"href":"https:\/\/www.bodofilmklubb.no\/index.php\/wp-json\/wp\/v2\/comments?post=237"}],"version-history":[{"count":2,"href":"https:\/\/www.bodofilmklubb.no\/index.php\/wp-json\/wp\/v2\/pages\/237\/revisions"}],"predecessor-version":[{"id":239,"href":"https:\/\/www.bodofilmklubb.no\/index.php\/wp-json\/wp\/v2\/pages\/237\/revisions\/239"}],"wp:attachment":[{"href":"https:\/\/www.bodofilmklubb.no\/index.php\/wp-json\/wp\/v2\/media?parent=237"}],"curies":[{"name":"wp","href":"https:\/\/api.w.org\/{rel}","templated":true}]}}