{"id":2438,"date":"2025-01-04T20:10:07","date_gmt":"2025-01-04T19:10:07","guid":{"rendered":"https:\/\/www.bodofilmklubb.no\/?page_id=2438"},"modified":"2025-01-04T20:10:07","modified_gmt":"2025-01-04T19:10:07","slug":"carrie","status":"publish","type":"page","link":"https:\/\/www.bodofilmklubb.no\/index.php\/carrie\/","title":{"rendered":"Carrie"},"content":{"rendered":"\n<p>USA 1976<\/p>\n\n\n\n<p>1 t 38 min<\/p>\n\n\n\n<p>Regi: Brian De Palma<\/p>\n\n\n\n<p>Med: Sissy Spacek, Piper Laurie, John Travolta, Amy Irving<\/p>\n\n\n\n<p>Tale: Engelsk<\/p>\n\n\n\n<p>Tekst: Utekstet<\/p>\n\n\n\n<p><strong>Brian De Palmas sjokkerende gr\u00f8sser fra 1976, basert p\u00e5 boken av Stephen&nbsp;King<\/strong><\/p>\n\n\n\n<p>Filmen&nbsp;handler om ten\u00e5ringsjenta Carrie som undertrykkes av sin ekstremt religi\u00f8se mor som er overbevist om at alle menn er djevelens sendebud p\u00e5 jord. Hun gj\u00f8r lite av seg p\u00e5 skolen og mobbes av medelever, men hun klarer \u00e5 finne tr\u00f8st i noen spesielle evner hun har. Disse evnene gj\u00f8r at hun kan bevege gjenstander kun med tankene. N\u00e5r skolens plage\u00e5nder overg\u00e5r seg selv i nedrighet, bruker hun sine psykiske krefter til \u00e5 ta en grusom hevn.<\/p>\n\n\n\n<p><em>Carrie<\/em>&nbsp;var den f\u00f8rste av Stephen Kings b\u00f8ker som ble filmatisert og den sjokkerte en hel filmverden da den kom ut for snart 50 \u00e5r siden. Den ble en umiddelbar suksess og st\u00e5r fortsatt som en av de mest l\u00f8nnsomme gr\u00f8sserne noensinne laget. Filmen ble ogs\u00e5 anerkjent av filmkritikerne og b\u00e5de Sissy Spacek og Piper Laurie ble Oscarnominert for sine roller. Den markerte ogs\u00e5 et nytt gjennombrudd for regiss\u00f8r Brian De Palma, som med&nbsp;<em>Carrie<\/em>&nbsp;for alvor etablerte seg som en av de mest spennende og allsidige filmskaperne i Hollywood.<\/p>\n\n\n\n<p>(Cinemateket)<\/p>\n\n\n\n<p><a href=\"https:\/\/www.youtube.com\/watch?v=j9Mg-GRS46Y\">Trailer<\/a><\/p>\n\n\n\n<p><\/p>\n","protected":false},"excerpt":{"rendered":"<p>USA 1976 1 t 38 min Regi: Brian De Palma Med: Sissy Spacek, Piper Laurie, John Travolta, Amy Irving Tale: Engelsk Tekst: Utekstet Brian De Palmas sjokkerende gr\u00f8sser fra 1976, basert p\u00e5 boken av Stephen&nbsp;King Filmen&nbsp;handler om ten\u00e5ringsjenta Carrie som undertrykkes av sin ekstremt religi\u00f8se mor som er overbevist om at alle menn er djevelens [&hellip;]<\/p>\n","protected":false},"author":2,"featured_media":0,"parent":0,"menu_order":0,"comment_status":"closed","ping_status":"closed","template":"","meta":{"footnotes":""},"class_list":["post-2438","page","type-page","status-publish","hentry"],"_links":{"self":[{"href":"https:\/\/www.bodofilmklubb.no\/index.php\/wp-json\/wp\/v2\/pages\/2438","targetHints":{"allow":["GET"]}}],"collection":[{"href":"https:\/\/www.bodofilmklubb.no\/index.php\/wp-json\/wp\/v2\/pages"}],"about":[{"href":"https:\/\/www.bodofilmklubb.no\/index.php\/wp-json\/wp\/v2\/types\/page"}],"author":[{"embeddable":true,"href":"https:\/\/www.bodofilmklubb.no\/index.php\/wp-json\/wp\/v2\/users\/2"}],"replies":[{"embeddable":true,"href":"https:\/\/www.bodofilmklubb.no\/index.php\/wp-json\/wp\/v2\/comments?post=2438"}],"version-history":[{"count":1,"href":"https:\/\/www.bodofilmklubb.no\/index.php\/wp-json\/wp\/v2\/pages\/2438\/revisions"}],"predecessor-version":[{"id":2439,"href":"https:\/\/www.bodofilmklubb.no\/index.php\/wp-json\/wp\/v2\/pages\/2438\/revisions\/2439"}],"wp:attachment":[{"href":"https:\/\/www.bodofilmklubb.no\/index.php\/wp-json\/wp\/v2\/media?parent=2438"}],"curies":[{"name":"wp","href":"https:\/\/api.w.org\/{rel}","templated":true}]}}