{"id":2441,"date":"2025-01-04T20:17:06","date_gmt":"2025-01-04T19:17:06","guid":{"rendered":"https:\/\/www.bodofilmklubb.no\/?page_id=2441"},"modified":"2025-01-04T20:17:06","modified_gmt":"2025-01-04T19:17:06","slug":"mars-express","status":"publish","type":"page","link":"https:\/\/www.bodofilmklubb.no\/index.php\/mars-express\/","title":{"rendered":"Mars Express"},"content":{"rendered":"\n<p>Frankrike 2023<\/p>\n\n\n\n<p>1 t 28 min<\/p>\n\n\n\n<p>Regi: J\u00e9r\u00e9mie P\u00e9rin<\/p>\n\n\n\n<p>Tale: Fransk<\/p>\n\n\n\n<p>Tekst: Engelsk<\/p>\n\n\n\n<p><strong>Ny fransk sci-fi animasjonsfilm<\/strong><\/p>\n\n\n\n<p>Vi befinner oss i \u00e5r 2200. Utviklingen har gjort grensene mellom mann og maskin flytende. Avansert teknologi er n\u00e5 integrert i menneskene, som lever side om side med b\u00e5de kunstige og organiske intelligenser og ulike generasjoner av androider. Samtidig er konfliktlinjene som preger samfunnet gjenkjennelige: fattige versus formuende, eldre versus yngre (roboter inkludert), arbeidsledige versus sysselsatte \u2013 og ikke minst, de som kontrollerer versus de som \u00f8nsker frihet.<\/p>\n\n\n\n<p>Jordkloden har forfalt til en slum, s\u00e5 de rikeste har forflyttet seg til syntetiske bosetninger p\u00e5 Mars. Etter et oppdrag p\u00e5 jorden kommer privatetterforskeren Aline sammen med makkeren Carlos (en android erstatter for vennen som d\u00f8de noen \u00e5r tidligere) tilbake til Mars. Snart dukker en ny klient opp \u2013 en far leter etter sin datter, en kybernetikk-student. N\u00e5r Aline og Carlos begynner \u00e5 n\u00f8ste i saken, viser det seg at forsvinningen er koblet til noe mye st\u00f8rre, og noe sv\u00e6rt farlig.<\/p>\n\n\n\n<p>J\u00e9r\u00e9mie P\u00e9rin har tidligere markert seg med tegneserie-adapsjonen&nbsp;<em>Lastman<\/em>. I sin f\u00f8rste langfilm nikker han til science fiction-klassikere som&nbsp;<em>2001: En romodyss\u00e9<\/em>,&nbsp;<em>Robocop&nbsp;<\/em>og&nbsp;<em>Ghost in the Shell<\/em>&nbsp;(som vi viser 25. januar) samt spill som&nbsp;<em>Another World<\/em>, men&nbsp;<em>Mars&nbsp;Express&nbsp;<\/em>st\u00e5r like fullt st\u00f8tt som et selvstendig verk. Filmen er preget av en stilfull, detaljert og rik strek, skapt gjennom et team av animat\u00f8rer med ulike tiln\u00e6rminger og gjennom bruken av kontrasterende teknikker.<\/p>\n\n\n\n<p>Den smygende, stemningsfulle elektroniske musikken til Fred Avril og Philippe Monthaye bidrar til \u00e5 gi filmen b\u00e5de nerve og en s\u00e5r undertone. For ved siden av spenningen som drives frem av kriminalplottet, tegner&nbsp;<em>Mars Express<\/em>&nbsp;opp et tankevekkende fremtidsbilde, som kommenterer debatter vi befinner oss midt oppi akkurat n\u00e5.<\/p>\n\n\n\n<p>(Cinemateket)<\/p>\n\n\n\n<p><a href=\"https:\/\/www.youtube.com\/watch?v=npPamNiF3SU\">Trailer<\/a><\/p>\n","protected":false},"excerpt":{"rendered":"<p>Frankrike 2023 1 t 28 min Regi: J\u00e9r\u00e9mie P\u00e9rin Tale: Fransk Tekst: Engelsk Ny fransk sci-fi animasjonsfilm Vi befinner oss i \u00e5r 2200. Utviklingen har gjort grensene mellom mann og maskin flytende. Avansert teknologi er n\u00e5 integrert i menneskene, som lever side om side med b\u00e5de kunstige og organiske intelligenser og ulike generasjoner av androider. [&hellip;]<\/p>\n","protected":false},"author":2,"featured_media":0,"parent":0,"menu_order":0,"comment_status":"closed","ping_status":"closed","template":"","meta":{"footnotes":""},"class_list":["post-2441","page","type-page","status-publish","hentry"],"_links":{"self":[{"href":"https:\/\/www.bodofilmklubb.no\/index.php\/wp-json\/wp\/v2\/pages\/2441","targetHints":{"allow":["GET"]}}],"collection":[{"href":"https:\/\/www.bodofilmklubb.no\/index.php\/wp-json\/wp\/v2\/pages"}],"about":[{"href":"https:\/\/www.bodofilmklubb.no\/index.php\/wp-json\/wp\/v2\/types\/page"}],"author":[{"embeddable":true,"href":"https:\/\/www.bodofilmklubb.no\/index.php\/wp-json\/wp\/v2\/users\/2"}],"replies":[{"embeddable":true,"href":"https:\/\/www.bodofilmklubb.no\/index.php\/wp-json\/wp\/v2\/comments?post=2441"}],"version-history":[{"count":1,"href":"https:\/\/www.bodofilmklubb.no\/index.php\/wp-json\/wp\/v2\/pages\/2441\/revisions"}],"predecessor-version":[{"id":2442,"href":"https:\/\/www.bodofilmklubb.no\/index.php\/wp-json\/wp\/v2\/pages\/2441\/revisions\/2442"}],"wp:attachment":[{"href":"https:\/\/www.bodofilmklubb.no\/index.php\/wp-json\/wp\/v2\/media?parent=2441"}],"curies":[{"name":"wp","href":"https:\/\/api.w.org\/{rel}","templated":true}]}}