{"id":2481,"date":"2025-02-12T14:45:48","date_gmt":"2025-02-12T13:45:48","guid":{"rendered":"https:\/\/www.bodofilmklubb.no\/?page_id=2481"},"modified":"2025-02-12T14:45:48","modified_gmt":"2025-02-12T13:45:48","slug":"queer","status":"publish","type":"page","link":"https:\/\/www.bodofilmklubb.no\/index.php\/queer\/","title":{"rendered":"Queer"},"content":{"rendered":"\n<p>Italia\/USA 2025<\/p>\n\n\n\n<p>2 t 17 min<\/p>\n\n\n\n<p>Regi: Luca Guadagnino<\/p>\n\n\n\n<p>Med: Daniel Craig, Drew Starkey, Jason Schwartzman<\/p>\n\n\n\n<p>Tale: Engelsk, fransk, spansk<\/p>\n\n\n\n<p>Tekst: Norsk<\/p>\n\n\n\n<p><strong>Eksklusivt! &nbsp;Kommer ikke p\u00e5 kino i Norge: Luca Guadagninos nye&nbsp;film<\/strong><\/p>\n\n\n\n<p>Dette er den nye filmen til Luca Guadagnino (<em>Call Me By Your Name, Challengers<\/em>) basert p\u00e5 kultforfatteren William S. Burroughs roman ved samme navn. Vi m\u00f8ter hovedpersonen Lee, som har s\u00f8kt tilflukt i Mexico City, hvor han drikker fra han st\u00e5r opp til han legger seg. Alkohol er ikke det eneste han sliter med \u2013 snart f\u00e5r vi vite at han reist til Mexico for \u00e5 vedlikeholde en tyngre avhengighet av opiater.<\/p>\n\n\n\n<p>Ulastelig antrukket i lys lindress, men med et ansikt som b\u00e6rer vitne om en mer enn lastefull livsstil, g\u00e5r Lee fra bar til bar i et skimrende og nostalgisk skildret Mexico City p\u00e5 50-tallet \u2013 str\u00e5lende gjenskapt i Cinecitt\u00e1 utenfor Roma. P\u00e5 sin faste bar, et sted som frekventeres av homofile, m\u00f8ter han en vakker ung mann, Eugene, som han forelsker seg h\u00e5pl\u00f8st i. De innleder et slags forhold, som er like desperat fra Lees side som det er distansert fra Eugenes, og etter hvert klarer Lee \u00e5 overtale Eugene til \u00e5 bli med ham til S\u00f8r-Amerika, hvor avtalen er at han betaler for alt, i bytte mot et par seksuelle tjenester i uka. M\u00e5let med reisen er \u00e5 pr\u00f8ve den psykoaktive drikken yage, kjent som ayahuasca, som skal gi dem bevissthetsutvidende, og potensielt telepatiske, opplevelser. De opps\u00f8ker en amerikansk forsker som holder til dypt inne i jungelen, og herfra er det \u2013 som en kritiker har p\u00e5pekt \u2013 som om filmen selv tar det psykedeliske dopet, og det som f\u00f8lger er en svimlende hallusinatorisk sekvens som vi ikke glemmer s\u00e5 lett.<\/p>\n\n\n\n<p>Daniel Craig gj\u00f8r kanskje sitt livs rolle som den herjede Lee \u2013 milevis fra rollen som James Bond \u2013 og han fremstiller denne vakre taperen med like deler intensitet og fintf\u00f8lelse. Lee er desperat og sykelig avhengig av rus og seksuelle utskeielser, men han fremviser ogs\u00e5 en s\u00e5rbarhet og et genuint behov for n\u00e6rhet og kj\u00e6rlighet som han drukner i alkohol og heroin.<\/p>\n\n\n\n<p><em>Queer&nbsp;<\/em>er hypnotisk og vakker, m\u00f8rk og vond, og en ekstremt sensuell og visuelt suggererende filmopplevelse. Igjen samarbeider Guadagnino med den thailandske fotografen Sayombhu Mukdeeprom, som ogs\u00e5 filmet&nbsp;<em>Call Me By Your Name, Suspiria<\/em>&nbsp;og&nbsp;<em>Challengers<\/em>, samt filmene til den g\u00e5tefulle filmskaperen Apichatpong Weerasethekul (<em>Mysterious Objects at Noon, Syndromes and a Century, Onkel Bonmee som kan erindre sine tidligere liv, Memoria<\/em>). Et annet b\u00e6rende element er musikken, b\u00e5de originalmusikken av duoen Trent Reznor og Atticus Ross (doble Oscarvinnere for&nbsp;<em>The Social Network<\/em>&nbsp;og&nbsp;<em>Soul<\/em>), men ogs\u00e5 bruken av mer moderne sanger, som l\u00f8fter filmen fra 50-tallssettingen og gir den en vidunderlig tidl\u00f8s kvalitet. Filmen \u00e5pner med Sinead O\u2019 Connors versjon av Nirvanas \u00abAll Apologies\u00bb, og fortsetter med mer Nirvana, samt Radiohead, Prince, New Order, Charlie Parker, Caetano Veloso og mye annet.<\/p>\n\n\n\n<p><em>Queer&nbsp;<\/em>er et nytt h\u00f8ydepunkt i den stadig mer imponerende filmografien til Luca Guadagnino.<\/p>\n\n\n\n<p>(Cinemateket)<\/p>\n\n\n\n<p><a href=\"https:\/\/www.youtube.com\/watch?v=ltinrfX03S4\">Trailer<\/a><\/p>\n","protected":false},"excerpt":{"rendered":"<p>Italia\/USA 2025 2 t 17 min Regi: Luca Guadagnino Med: Daniel Craig, Drew Starkey, Jason Schwartzman Tale: Engelsk, fransk, spansk Tekst: Norsk Eksklusivt! &nbsp;Kommer ikke p\u00e5 kino i Norge: Luca Guadagninos nye&nbsp;film Dette er den nye filmen til Luca Guadagnino (Call Me By Your Name, Challengers) basert p\u00e5 kultforfatteren William S. Burroughs roman ved samme [&hellip;]<\/p>\n","protected":false},"author":2,"featured_media":0,"parent":0,"menu_order":0,"comment_status":"closed","ping_status":"closed","template":"","meta":{"footnotes":""},"class_list":["post-2481","page","type-page","status-publish","hentry"],"_links":{"self":[{"href":"https:\/\/www.bodofilmklubb.no\/index.php\/wp-json\/wp\/v2\/pages\/2481","targetHints":{"allow":["GET"]}}],"collection":[{"href":"https:\/\/www.bodofilmklubb.no\/index.php\/wp-json\/wp\/v2\/pages"}],"about":[{"href":"https:\/\/www.bodofilmklubb.no\/index.php\/wp-json\/wp\/v2\/types\/page"}],"author":[{"embeddable":true,"href":"https:\/\/www.bodofilmklubb.no\/index.php\/wp-json\/wp\/v2\/users\/2"}],"replies":[{"embeddable":true,"href":"https:\/\/www.bodofilmklubb.no\/index.php\/wp-json\/wp\/v2\/comments?post=2481"}],"version-history":[{"count":1,"href":"https:\/\/www.bodofilmklubb.no\/index.php\/wp-json\/wp\/v2\/pages\/2481\/revisions"}],"predecessor-version":[{"id":2482,"href":"https:\/\/www.bodofilmklubb.no\/index.php\/wp-json\/wp\/v2\/pages\/2481\/revisions\/2482"}],"wp:attachment":[{"href":"https:\/\/www.bodofilmklubb.no\/index.php\/wp-json\/wp\/v2\/media?parent=2481"}],"curies":[{"name":"wp","href":"https:\/\/api.w.org\/{rel}","templated":true}]}}