{"id":2486,"date":"2025-02-23T13:27:00","date_gmt":"2025-02-23T12:27:00","guid":{"rendered":"https:\/\/www.bodofilmklubb.no\/?page_id=2486"},"modified":"2025-02-23T13:32:15","modified_gmt":"2025-02-23T12:32:15","slug":"melodie-en-sous-sol","status":"publish","type":"page","link":"https:\/\/www.bodofilmklubb.no\/index.php\/melodie-en-sous-sol\/","title":{"rendered":"M\u00e9lodie en sous-sol"},"content":{"rendered":"\n<p>Tittel: M\u00e9lodie en sous-sol (Any Number Can Win)<\/p>\n\n\n\n<p>Frankrike 1963<\/p>\n\n\n\n<p>1t 58min<\/p>\n\n\n\n<p>Regi: Henri Verneuil<\/p>\n\n\n\n<p>Med: Jean Gabin, Alain Delon<\/p>\n\n\n\n<p>Tale: Fransk&nbsp;&nbsp;&nbsp;&nbsp;&nbsp;<\/p>\n\n\n\n<p>Tekst: Engelsk<\/p>\n\n\n\n<p>Alder: 12 \u00e5r<br><\/p>\n\n\n\n<p><strong>De to franske legendene Alain Delon og Jean Gabin m\u00f8tes i dette elegante krim-dramaet<\/strong><\/p>\n\n\n\n<p>Charles (spilt av den franske skuespillerlegenden Jean Gabin)&nbsp;er ingen ungdom lenger. Etter \u00e5 ha sonet en dom p\u00e5&nbsp;fem \u00e5r, drar han hjem til kona i en forstad nord for Paris. Det er s\u00e5 vidt han finner frem, for mens han har sittet inne, har moderne blokker skutt i v\u00e6ret som sopp. Ginette dr\u00f8mmer om at de to skal dra sydover, kanskje \u00e5pne et lite hotell? Charles har imidlertid andre&nbsp;planer. Han vil&nbsp;sikre en anonym, men romslig&nbsp;pensjonisttilv\u00e6relse i Australia&nbsp;ved \u00e5 beg\u00e5 et aller siste&nbsp;kupp. Han sl\u00e5r seg sammen med den yngre sm\u00e5skurken Francis (Alain Delon), blinker seg ut et kasino og begynner den m\u00f8ysommelige planleggingen som skal sikre at det hele g\u00e5r som smurt. Mesterplanen er komplisert og&nbsp;avhenger av en rekke ting, blant annet m\u00e5&nbsp;kjekkasen Francis klare \u00e5 forf\u00f8re noen av jentene som jobber p\u00e5 kasinoet, slik at stengte d\u00f8rer lar seg \u00e5pne.&nbsp;<\/p>\n\n\n\n<p><em>M\u00e9lodie en sous-sol<\/em>&nbsp;regnes som et av h\u00f8ydepunktene i karrieren til den produktive kommersielle regiss\u00f8ren Henri Verneuil. Det&nbsp;er en film hvor plottet, for \u00e5 sitere en fransk kritiker, er strukturert med matematisk presisjon. Ved siden av planleggingsdelen og selve kuppsekvensen, er dynamikken mellom den unge og den eldre yrkeskriminelle noe av det som driver handlingen fremover.&nbsp;<\/p>\n\n\n\n<p>Lekkert filmet i bredformat, veksler handlingen mellom slitne&nbsp;arbeiderstr\u00f8k og monotone drabantbyer, og luksus og&nbsp;glamour p\u00e5 Palm Beach Casino i Cannes. Musikken fungerer som prikken over i-en; et lekkert jazzpreget score signert den franske komponisten&nbsp;Michel Magne, som ogs\u00e5 sto bak musikken til Henri Verneuils&nbsp;<em>Un singe en hiver<\/em>,&nbsp;Andr\u00e9 Hunebelles&nbsp;<em>Fant\u00f4mas&nbsp;<\/em>og Costa-Gavras\u2019&nbsp;<em>Sovevognsmordet<\/em>.<\/p>\n\n\n\n<p>(Cinemateket)<\/p>\n\n\n\n<p><a href=\"https:\/\/www.youtube.com\/watch?v=LCBCMIJstPA\">Trailer (fransk)<\/a><\/p>\n\n\n\n<p><strong>Denne visningen er st\u00f8ttet av Institut fran\u00e7ais.<\/strong><br>Gratis inngang &#8211; Stormen bibliotek<\/p>\n","protected":false},"excerpt":{"rendered":"<p>Tittel: M\u00e9lodie en sous-sol (Any Number Can Win) Frankrike 1963 1t 58min Regi: Henri Verneuil Med: Jean Gabin, Alain Delon Tale: Fransk&nbsp;&nbsp;&nbsp;&nbsp;&nbsp; Tekst: Engelsk Alder: 12 \u00e5r De to franske legendene Alain Delon og Jean Gabin m\u00f8tes i dette elegante krim-dramaet Charles (spilt av den franske skuespillerlegenden Jean Gabin)&nbsp;er ingen ungdom lenger. Etter \u00e5 ha [&hellip;]<\/p>\n","protected":false},"author":2,"featured_media":0,"parent":0,"menu_order":0,"comment_status":"closed","ping_status":"closed","template":"","meta":{"footnotes":""},"class_list":["post-2486","page","type-page","status-publish","hentry"],"_links":{"self":[{"href":"https:\/\/www.bodofilmklubb.no\/index.php\/wp-json\/wp\/v2\/pages\/2486","targetHints":{"allow":["GET"]}}],"collection":[{"href":"https:\/\/www.bodofilmklubb.no\/index.php\/wp-json\/wp\/v2\/pages"}],"about":[{"href":"https:\/\/www.bodofilmklubb.no\/index.php\/wp-json\/wp\/v2\/types\/page"}],"author":[{"embeddable":true,"href":"https:\/\/www.bodofilmklubb.no\/index.php\/wp-json\/wp\/v2\/users\/2"}],"replies":[{"embeddable":true,"href":"https:\/\/www.bodofilmklubb.no\/index.php\/wp-json\/wp\/v2\/comments?post=2486"}],"version-history":[{"count":3,"href":"https:\/\/www.bodofilmklubb.no\/index.php\/wp-json\/wp\/v2\/pages\/2486\/revisions"}],"predecessor-version":[{"id":2491,"href":"https:\/\/www.bodofilmklubb.no\/index.php\/wp-json\/wp\/v2\/pages\/2486\/revisions\/2491"}],"wp:attachment":[{"href":"https:\/\/www.bodofilmklubb.no\/index.php\/wp-json\/wp\/v2\/media?parent=2486"}],"curies":[{"name":"wp","href":"https:\/\/api.w.org\/{rel}","templated":true}]}}