{"id":2613,"date":"2026-01-17T14:51:43","date_gmt":"2026-01-17T13:51:43","guid":{"rendered":"https:\/\/www.bodofilmklubb.no\/?page_id=2613"},"modified":"2026-01-17T14:51:43","modified_gmt":"2026-01-17T13:51:43","slug":"kjaerlighetens-mange-stemmer","status":"publish","type":"page","link":"https:\/\/www.bodofilmklubb.no\/index.php\/kjaerlighetens-mange-stemmer\/","title":{"rendered":"Kj\u00e6rlighetens mange stemmer"},"content":{"rendered":"\n<p>Originaltittel: Follemente<\/p>\n\n\n\n<p>Italia 2025<\/p>\n\n\n\n<p>1t 37min<\/p>\n\n\n\n<p>Regi: Paolo Genovese<\/p>\n\n\n\n<p>Med: Edoardo Leo, Pilar Fogliati<\/p>\n\n\n\n<p>Tale: Italiensk<\/p>\n\n\n\n<p>Tekst: Norsk<\/p>\n\n\n\n<p><strong>Italiensk romantisk komedie med en vri<\/strong><\/p>\n\n\n\n<p>Vinner av Gledessprederen ved Filmfestivalen i Haugesund!<\/p>\n\n\n\n<p>Handlingen dreier seg rundt den 50 \u00e5r gamle l\u00e6reren Piero og den 35 \u00e5r gamle m\u00f8belrestaurat\u00f8ren Lara. De m\u00f8tes p\u00e5 en bar og avtaler en f\u00f8rste date i Laras leilighet.<br>Det som utfolder seg her er mer enn en typisk middag \u2013 det blir en levende reise inn i tankene deres. Som i Pixar-filmen <em>Innsiden ut<\/em>, s\u00e5 har hver av dem flere distinkte \u00abindre stemmer\u00bb, som kolliderer og samarbeider med hovedkarakterene.<br>I hvert sitt rom inne i underbevisstheten til Piero og Lara blir vi kjent med personifikasjoner av ulike f\u00f8lelser.<br>Kj\u00e6rligheten er rotete og styrt innenfra!<\/p>\n\n\n\n<p><a href=\"https:\/\/www.youtube.com\/watch?v=rqDRmi0bH0k\">Trailer<\/a><\/p>\n","protected":false},"excerpt":{"rendered":"<p>Originaltittel: Follemente Italia 2025 1t 37min Regi: Paolo Genovese Med: Edoardo Leo, Pilar Fogliati Tale: Italiensk Tekst: Norsk Italiensk romantisk komedie med en vri Vinner av Gledessprederen ved Filmfestivalen i Haugesund! Handlingen dreier seg rundt den 50 \u00e5r gamle l\u00e6reren Piero og den 35 \u00e5r gamle m\u00f8belrestaurat\u00f8ren Lara. De m\u00f8tes p\u00e5 en bar og avtaler [&hellip;]<\/p>\n","protected":false},"author":2,"featured_media":0,"parent":0,"menu_order":0,"comment_status":"closed","ping_status":"closed","template":"","meta":{"footnotes":""},"class_list":["post-2613","page","type-page","status-publish","hentry"],"_links":{"self":[{"href":"https:\/\/www.bodofilmklubb.no\/index.php\/wp-json\/wp\/v2\/pages\/2613","targetHints":{"allow":["GET"]}}],"collection":[{"href":"https:\/\/www.bodofilmklubb.no\/index.php\/wp-json\/wp\/v2\/pages"}],"about":[{"href":"https:\/\/www.bodofilmklubb.no\/index.php\/wp-json\/wp\/v2\/types\/page"}],"author":[{"embeddable":true,"href":"https:\/\/www.bodofilmklubb.no\/index.php\/wp-json\/wp\/v2\/users\/2"}],"replies":[{"embeddable":true,"href":"https:\/\/www.bodofilmklubb.no\/index.php\/wp-json\/wp\/v2\/comments?post=2613"}],"version-history":[{"count":1,"href":"https:\/\/www.bodofilmklubb.no\/index.php\/wp-json\/wp\/v2\/pages\/2613\/revisions"}],"predecessor-version":[{"id":2614,"href":"https:\/\/www.bodofilmklubb.no\/index.php\/wp-json\/wp\/v2\/pages\/2613\/revisions\/2614"}],"wp:attachment":[{"href":"https:\/\/www.bodofilmklubb.no\/index.php\/wp-json\/wp\/v2\/media?parent=2613"}],"curies":[{"name":"wp","href":"https:\/\/api.w.org\/{rel}","templated":true}]}}