{"id":2627,"date":"2026-01-17T15:16:27","date_gmt":"2026-01-17T14:16:27","guid":{"rendered":"https:\/\/www.bodofilmklubb.no\/?page_id=2627"},"modified":"2026-01-17T15:16:27","modified_gmt":"2026-01-17T14:16:27","slug":"ingen-filmklubbfilm-lordag-31-januar","status":"publish","type":"page","link":"https:\/\/www.bodofilmklubb.no\/index.php\/ingen-filmklubbfilm-lordag-31-januar\/","title":{"rendered":"Ingen filmklubbfilm l\u00f8rdag 31. januar!"},"content":{"rendered":"\n<p>Ikke fordi vi allerede etter \u00e9n l\u00f8rdagsfilm er utslitte og trenger ferie, nei. Bod\u00f8 filmklubb goes <em>international <\/em>og drar til G\u00f6teborg p\u00e5 filmfestival. <\/p>\n\n\n\n<p>Vi velger bort Troms\u00f8 internasjonale filmfestival denne gangen og s\u00f8ker inspirasjon til b\u00e5de filmklubb- og filmfestivalprogram i Sverige. <\/p>\n\n\n\n<p>\u00d8nsk oss lykke til!<\/p>\n\n\n\n<p><a href=\"https:\/\/goteborgfilmfestival.se\/\">Info<\/a><\/p>\n","protected":false},"excerpt":{"rendered":"<p>Ikke fordi vi allerede etter \u00e9n l\u00f8rdagsfilm er utslitte og trenger ferie, nei. Bod\u00f8 filmklubb goes international og drar til G\u00f6teborg p\u00e5 filmfestival. Vi velger bort Troms\u00f8 internasjonale filmfestival denne gangen og s\u00f8ker inspirasjon til b\u00e5de filmklubb- og filmfestivalprogram i Sverige. \u00d8nsk oss lykke til! Info<\/p>\n","protected":false},"author":2,"featured_media":0,"parent":0,"menu_order":0,"comment_status":"closed","ping_status":"closed","template":"","meta":{"footnotes":""},"class_list":["post-2627","page","type-page","status-publish","hentry"],"_links":{"self":[{"href":"https:\/\/www.bodofilmklubb.no\/index.php\/wp-json\/wp\/v2\/pages\/2627","targetHints":{"allow":["GET"]}}],"collection":[{"href":"https:\/\/www.bodofilmklubb.no\/index.php\/wp-json\/wp\/v2\/pages"}],"about":[{"href":"https:\/\/www.bodofilmklubb.no\/index.php\/wp-json\/wp\/v2\/types\/page"}],"author":[{"embeddable":true,"href":"https:\/\/www.bodofilmklubb.no\/index.php\/wp-json\/wp\/v2\/users\/2"}],"replies":[{"embeddable":true,"href":"https:\/\/www.bodofilmklubb.no\/index.php\/wp-json\/wp\/v2\/comments?post=2627"}],"version-history":[{"count":1,"href":"https:\/\/www.bodofilmklubb.no\/index.php\/wp-json\/wp\/v2\/pages\/2627\/revisions"}],"predecessor-version":[{"id":2628,"href":"https:\/\/www.bodofilmklubb.no\/index.php\/wp-json\/wp\/v2\/pages\/2627\/revisions\/2628"}],"wp:attachment":[{"href":"https:\/\/www.bodofilmklubb.no\/index.php\/wp-json\/wp\/v2\/media?parent=2627"}],"curies":[{"name":"wp","href":"https:\/\/api.w.org\/{rel}","templated":true}]}}