{"id":304,"date":"2010-01-25T21:53:57","date_gmt":"2010-01-25T19:53:57","guid":{"rendered":"http:\/\/www.bodofilmklubb.no\/?page_id=304"},"modified":"2010-01-25T21:53:57","modified_gmt":"2010-01-25T19:53:57","slug":"antichrist","status":"publish","type":"page","link":"https:\/\/www.bodofilmklubb.no\/index.php\/antichrist\/","title":{"rendered":"Antichrist"},"content":{"rendered":"<p class=\"MsoNormal\" style=\"margin: 0cm 0cm 0pt;\"><span style=\"font-size: small; font-family: Times New Roman;\">Regi: Lars von Trier, Skuespillere: Charlotte Gainsbourg, Willem Dafoe, Nasjonalitet: Danmark 2009,<\/span><\/p>\n<p class=\"MsoNormal\" style=\"margin: 0cm 0cm 0pt;\"><span style=\"font-size: small; font-family: Times New Roman;\">Spr\u00e5k: Engelsk, Lengde: 1t 44 min &#8211; digital<\/span><\/p>\n<p class=\"MsoNormal\" style=\"margin: 0cm 0cm 0pt;\"><span style=\"font-size: small; font-family: Times New Roman;\">\u00a0<\/span><\/p>\n<p class=\"MsoNormal\" style=\"margin: 0cm 0cm 0pt;\"><strong style=\"mso-bidi-font-weight: normal;\"><span style=\"color: black; font-family: Verdana; mso-bidi-font-size: 14.0pt;\"><span style=\"font-size: small;\">Lars von Trier overrasker og provoserer \u2013 igjen.<\/span><\/span><\/strong><\/p>\n<p class=\"MsoNormal\" style=\"margin: 0cm 0cm 0pt;\"><span style=\"color: black; font-family: Verdana; mso-bidi-font-size: 14.0pt;\"><span style=\"font-size: small;\">Misantrop, kvinneforakter, nevrotiker og sosiopat \u2013 Hva er ikke alt blitt sagt om Lars von Trier! N\u00e5 m\u00e5 det sies at dansken virker s\u00e6rdeles flink til \u00e5 fyre under dette mediale bildet av seg selv og det er ikke lett for oss \u00e5 skille bildet fra virkeligheten. Lars von Triers status som kinoverdens gale mester n\u00e5dde imidlertid nye h\u00f8yder i fjor. \u00c5rsaken var premieren av <em style=\"mso-bidi-font-style: normal;\">Antichrist<\/em> i Cannes. Sjokk, vemmelse og fascinasjon \u2013 sjelden vekker en film like sterke reaksjoner blant publikum og fagfolk. Franske Charlotte Gainsbourg og Willem Dafoe spiller mann og kvinne i von Triers freudianske filmmarerittet. De mister sitt barn p\u00e5 traumatisk vis og ender opp i en ensom hytte i skogen. Mannen vil med en ekstrem form for psykoterapi redde kvinnen og ekteskapet. Dette g\u00e5r \u2013 p\u00e5 sv\u00e6rt symbolsk vis \u2013 veldig galt.<span style=\"mso-spacerun: yes;\">\u00a0 <\/span><\/span><\/span><\/p>\n<p class=\"MsoNormal\" style=\"margin: 0cm 0cm 0pt;\"><span style=\"color: black; font-family: Verdana; mso-bidi-font-size: 14.0pt;\"><span style=\"font-size: small;\">Gainsbourg og Defoe er hyllet for sine uredde prestasjoner i filmen. Og vi glemmer heller ikke at Lars von Trier er blant en h\u00e5nd full n\u00e5levende regiss\u00f8rer som virkelig betyr noe for filmmediet \u2013 Det er derfor at vi med stolthet presenterer filmens eneste kinovisning i Bod\u00f8. NB: Filmen har med rette 18\u00e5rs grense.<\/span><\/span><\/p>\n<p class=\"MsoNormal\" style=\"margin: 0cm 0cm 0pt;\"><span style=\"color: black; font-family: Verdana; mso-bidi-font-size: 14.0pt;\"><\/span><\/p>\n<p class=\"MsoNormal\" style=\"margin: 0cm 0cm 0pt;\"><span style=\"color: black; font-family: Verdana; mso-bidi-font-size: 14.0pt;\"><span style=\"font-size: small;\">Filmweb: <a href=\"http:\/\/www.filmweb.no\/kino\/article209021.ece\">http:\/\/www.filmweb.no\/kino\/article209021.ece<\/a><\/span><\/span><\/p>\n<p class=\"MsoNormal\" style=\"margin: 0cm 0cm 0pt;\">\u00a0<\/p>\n<p class=\"MsoNormal\" style=\"margin: 0cm 0cm 0pt;\">\u00a0<\/p>\n","protected":false},"excerpt":{"rendered":"<p>Regi: Lars von Trier, Skuespillere: Charlotte Gainsbourg, Willem Dafoe, Nasjonalitet: Danmark 2009, Spr\u00e5k: Engelsk, Lengde: 1t 44 min &#8211; digital \u00a0 Lars von Trier overrasker og provoserer \u2013 igjen. Misantrop, kvinneforakter, nevrotiker og sosiopat \u2013 Hva er ikke alt blitt sagt om Lars von Trier! N\u00e5 m\u00e5 det sies at dansken virker s\u00e6rdeles flink til [&hellip;]<\/p>\n","protected":false},"author":2,"featured_media":0,"parent":0,"menu_order":0,"comment_status":"open","ping_status":"open","template":"","meta":{"footnotes":""},"class_list":["post-304","page","type-page","status-publish","hentry"],"_links":{"self":[{"href":"https:\/\/www.bodofilmklubb.no\/index.php\/wp-json\/wp\/v2\/pages\/304","targetHints":{"allow":["GET"]}}],"collection":[{"href":"https:\/\/www.bodofilmklubb.no\/index.php\/wp-json\/wp\/v2\/pages"}],"about":[{"href":"https:\/\/www.bodofilmklubb.no\/index.php\/wp-json\/wp\/v2\/types\/page"}],"author":[{"embeddable":true,"href":"https:\/\/www.bodofilmklubb.no\/index.php\/wp-json\/wp\/v2\/users\/2"}],"replies":[{"embeddable":true,"href":"https:\/\/www.bodofilmklubb.no\/index.php\/wp-json\/wp\/v2\/comments?post=304"}],"version-history":[{"count":1,"href":"https:\/\/www.bodofilmklubb.no\/index.php\/wp-json\/wp\/v2\/pages\/304\/revisions"}],"predecessor-version":[{"id":305,"href":"https:\/\/www.bodofilmklubb.no\/index.php\/wp-json\/wp\/v2\/pages\/304\/revisions\/305"}],"wp:attachment":[{"href":"https:\/\/www.bodofilmklubb.no\/index.php\/wp-json\/wp\/v2\/media?parent=304"}],"curies":[{"name":"wp","href":"https:\/\/api.w.org\/{rel}","templated":true}]}}