{"id":312,"date":"2010-01-25T22:13:09","date_gmt":"2010-01-25T20:13:09","guid":{"rendered":"http:\/\/www.bodofilmklubb.no\/?page_id=312"},"modified":"2010-01-25T22:13:09","modified_gmt":"2010-01-25T20:13:09","slug":"stompa-co","status":"publish","type":"page","link":"https:\/\/www.bodofilmklubb.no\/index.php\/stompa-co\/","title":{"rendered":"Stompa &#038; Co"},"content":{"rendered":"<p class=\"MsoNormal\" style=\"margin: 0cm 0cm 0pt;\"><span style=\"font-size: small; font-family: Times New Roman;\">Regi: Nils-Reinhardt Christensen, Skuespillere: Rolf Kirkvaag jr., Knut Eide, Gisle Straume, Arne Lie, Carsten Winger, Thorkild Stray, Ragnhild Michelsen, Nasjonalitet: Norge 1962, Spr\u00e5k: norsk, Lengde: 1t 32min, Utleie: Norsk Filminstitutt \u2013 digital<\/span><\/p>\n<p class=\"MsoNormal\" style=\"margin: 0cm 0cm 0pt;\"><span style=\"font-size: small; font-family: Times New Roman;\">\u00a0<\/span><\/p>\n<p class=\"MsoNormal\" style=\"margin: 0cm 0cm 0pt;\"><strong style=\"mso-bidi-font-weight: normal;\"><span style=\"font-size: small;\"><span style=\"font-family: Times New Roman;\">Du store alpakka<\/span><\/span><\/strong><\/p>\n<p class=\"MsoNormal\" style=\"margin: 0cm 0cm 0pt;\"><span style=\"font-size: small; font-family: Times New Roman;\">Historeien om Stompa var opprinnelig en britisk guttebokserie fra kostskolemilj\u00f8. Christensen, som er b\u00e5de regiss\u00f8r og manusforfatter, skrev om historiene slik at de passer til et norsk milj\u00f8. Christensen har i tillegg ogs\u00e5 oversatt b\u00f8kene og lagde Stompah\u00f8respillene for barnetimen fra 1957 til 1963, der voksne skuespillere spilte guttene. Denne f\u00f8rste av fire filmer om Stompa bygde p\u00e5 gjenkjennelig materiale fra b\u00f8kene og h\u00f8respillene, men med 14-\u00e5ringer i rollene fikk den et mer realistisk preg enn de elleville h\u00f8respillene. Gisle Straume var imidlertid p\u00e5 plass som den temperamentsfulle lektor T\u00f8rrdal og gjorde like uimotst\u00e5elig suksess som i radioen. Stompa gikk til filmen \u2013 og ble klassisk norsk barnekultur ogs\u00e5 p\u00e5 lerretet!<\/span><\/p>\n<p class=\"MsoNormal\" style=\"margin: 0cm 0cm 0pt;\"><span style=\"font-size: small; font-family: Times New Roman;\">Lokalt er filmen kjent for \u00e5 ha frembrakt den f\u00f8rste lokale filmstjernen &#8211; Knut Eide. Filminstituttet har digitalisert, pusset og polert p\u00e5 filmen og vi gleder oss til \u00e5 vise frem <em style=\"mso-bidi-font-style: normal;\">Stompa &amp; Co<\/em> p\u00e5 Fram kino.<\/span><\/p>\n<p class=\"MsoNormal\" style=\"margin: 0cm 0cm 0pt;\">\u00a0<\/p>\n<p class=\"MsoNormal\" style=\"margin: 0cm 0cm 0pt;\">\u00a0<\/p>\n","protected":false},"excerpt":{"rendered":"<p>Regi: Nils-Reinhardt Christensen, Skuespillere: Rolf Kirkvaag jr., Knut Eide, Gisle Straume, Arne Lie, Carsten Winger, Thorkild Stray, Ragnhild Michelsen, Nasjonalitet: Norge 1962, Spr\u00e5k: norsk, Lengde: 1t 32min, Utleie: Norsk Filminstitutt \u2013 digital \u00a0 Du store alpakka Historeien om Stompa var opprinnelig en britisk guttebokserie fra kostskolemilj\u00f8. Christensen, som er b\u00e5de regiss\u00f8r og manusforfatter, skrev om [&hellip;]<\/p>\n","protected":false},"author":2,"featured_media":0,"parent":0,"menu_order":0,"comment_status":"open","ping_status":"open","template":"","meta":{"footnotes":""},"class_list":["post-312","page","type-page","status-publish","hentry"],"_links":{"self":[{"href":"https:\/\/www.bodofilmklubb.no\/index.php\/wp-json\/wp\/v2\/pages\/312","targetHints":{"allow":["GET"]}}],"collection":[{"href":"https:\/\/www.bodofilmklubb.no\/index.php\/wp-json\/wp\/v2\/pages"}],"about":[{"href":"https:\/\/www.bodofilmklubb.no\/index.php\/wp-json\/wp\/v2\/types\/page"}],"author":[{"embeddable":true,"href":"https:\/\/www.bodofilmklubb.no\/index.php\/wp-json\/wp\/v2\/users\/2"}],"replies":[{"embeddable":true,"href":"https:\/\/www.bodofilmklubb.no\/index.php\/wp-json\/wp\/v2\/comments?post=312"}],"version-history":[{"count":1,"href":"https:\/\/www.bodofilmklubb.no\/index.php\/wp-json\/wp\/v2\/pages\/312\/revisions"}],"predecessor-version":[{"id":313,"href":"https:\/\/www.bodofilmklubb.no\/index.php\/wp-json\/wp\/v2\/pages\/312\/revisions\/313"}],"wp:attachment":[{"href":"https:\/\/www.bodofilmklubb.no\/index.php\/wp-json\/wp\/v2\/media?parent=312"}],"curies":[{"name":"wp","href":"https:\/\/api.w.org\/{rel}","templated":true}]}}