{"id":316,"date":"2010-01-25T22:26:01","date_gmt":"2010-01-25T20:26:01","guid":{"rendered":"http:\/\/www.bodofilmklubb.no\/?page_id=316"},"modified":"2010-03-18T11:20:44","modified_gmt":"2010-03-18T09:20:44","slug":"and-now-for-something-completely-different","status":"publish","type":"page","link":"https:\/\/www.bodofilmklubb.no\/index.php\/and-now-for-something-completely-different\/","title":{"rendered":"And now for something completely different"},"content":{"rendered":"<p class=\"MsoNormal\" style=\"margin: 0cm 0cm 0pt;\"><span style=\"font-size: small; font-family: Times New Roman;\">Regi: Ian MacNaughton, Skuespillere: Monty Python m.fl., Nasjonalitet: Storbritannia 1971, Spr\u00e5k: Engelsk, Lengde: 1 t. 29 min &#8211; digital<br \/>\nNB: Vises med engelsk tale og tyske undertekster (for norske finnes dessverre ikke).<br \/>\n<\/span><\/p>\n<p class=\"MsoNormal\" style=\"margin: 0cm 0cm 0pt;\">\n<p class=\"MsoNormal\" style=\"margin: 0cm 0cm 0pt;\">\n<p class=\"MsoNormal\" style=\"margin: 0cm 0cm 0pt;\"><span style=\"text-decoration: underline;\"><span style=\"text-decoration: none;\"><span style=\"font-size: small; font-family: Times New Roman;\"> <\/span><\/span><\/span><\/p>\n<p class=\"MsoNormal\" style=\"margin: 0cm 0cm 0pt;\"><strong style=\"mso-bidi-font-weight: normal;\"><span style=\"mso-ansi-language: EN-US;\" lang=\"EN-US\"><span style=\"font-size: small;\"><span style=\"font-family: Times New Roman;\">And now for something completely different.<\/span><\/span><\/span><\/strong><\/p>\n<p class=\"MsoNormal\" style=\"margin: 0cm 0cm 0pt;\"><span style=\"font-size: small; font-family: Times New Roman;\">Filmen var et fors\u00f8k p\u00e5 \u00e5 lansere Monty Python i USA, men da TV-serien enn\u00e5 ikke var vist p\u00e5 landsdekkende amerikansk TV gikk dette heller d\u00e5rlig. F\u00f8rst da filmen ble relansert i 1974, samtidig med at Flying Circus ble vist p\u00e5 den amerikanske TV- stasjonen CBS, ble filmen en suksess.<\/span><\/p>\n<p class=\"MsoNormal\" style=\"margin: 0cm 0cm 0pt;\"><span style=\"font-size: small;\"><span style=\"font-family: Times New Roman;\"><em style=\"mso-bidi-font-style: normal;\"><span style=\"mso-ansi-language: EN-US;\" lang=\"EN-US\">And now for something completely different<\/span><\/em><span style=\"mso-ansi-language: EN-US;\" lang=\"EN-US\"> gir blant annet et godt bilde p\u00e5 Terry Gilliams mange talenter som animat\u00f8r. \u201dConrad Pooh and his dancing teeth\u201d, \u201cHow to build interesting things\u201d og \u201c The old woman who cannot catch a bus\u201d setter tonen for hans utrykksfulle og komplett bizarre vignetter.<\/span><\/span><\/span><\/p>\n<p class=\"MsoNormal\" style=\"margin: 0cm 0cm 0pt;\"><span style=\"font-size: small; font-family: Times New Roman;\">Filmen er ellers en best-off samling som best\u00e5r av nyinnspillinger av noen av de mest kjente sketsjene fra <em style=\"mso-bidi-font-style: normal;\">The Flying Circus<\/em>: \u201d The man with a tape recorder up his nose\u201d, \u201dThe funniest joke in the world\u201d og \u201dDead parrot.\u201d Fortsatt morsommere enn det meste som vises p\u00e5 TV eller kino i dag!<\/span><\/p>\n<p class=\"MsoNormal\" style=\"margin: 0cm 0cm 0pt;\">\n<p class=\"MsoNormal\" style=\"margin: 0cm 0cm 0pt;\"><span style=\"font-size: small; font-family: Times New Roman;\">Trailer: <a href=\"http:\/\/www.youtube.com\/watch?v=4uLL0iqFtqE\">http:\/\/www.youtube.com\/watch?v=4uLL0iqFtqE<\/a><\/span><\/p>\n","protected":false},"excerpt":{"rendered":"<p>Regi: Ian MacNaughton, Skuespillere: Monty Python m.fl., Nasjonalitet: Storbritannia 1971, Spr\u00e5k: Engelsk, Lengde: 1 t. 29 min &#8211; digital NB: Vises med engelsk tale og tyske undertekster (for norske finnes dessverre ikke). And now for something completely different. Filmen var et fors\u00f8k p\u00e5 \u00e5 lansere Monty Python i USA, men da TV-serien enn\u00e5 ikke var [&hellip;]<\/p>\n","protected":false},"author":2,"featured_media":0,"parent":0,"menu_order":0,"comment_status":"open","ping_status":"open","template":"","meta":{"footnotes":""},"class_list":["post-316","page","type-page","status-publish","hentry"],"_links":{"self":[{"href":"https:\/\/www.bodofilmklubb.no\/index.php\/wp-json\/wp\/v2\/pages\/316","targetHints":{"allow":["GET"]}}],"collection":[{"href":"https:\/\/www.bodofilmklubb.no\/index.php\/wp-json\/wp\/v2\/pages"}],"about":[{"href":"https:\/\/www.bodofilmklubb.no\/index.php\/wp-json\/wp\/v2\/types\/page"}],"author":[{"embeddable":true,"href":"https:\/\/www.bodofilmklubb.no\/index.php\/wp-json\/wp\/v2\/users\/2"}],"replies":[{"embeddable":true,"href":"https:\/\/www.bodofilmklubb.no\/index.php\/wp-json\/wp\/v2\/comments?post=316"}],"version-history":[{"count":5,"href":"https:\/\/www.bodofilmklubb.no\/index.php\/wp-json\/wp\/v2\/pages\/316\/revisions"}],"predecessor-version":[{"id":339,"href":"https:\/\/www.bodofilmklubb.no\/index.php\/wp-json\/wp\/v2\/pages\/316\/revisions\/339"}],"wp:attachment":[{"href":"https:\/\/www.bodofilmklubb.no\/index.php\/wp-json\/wp\/v2\/media?parent=316"}],"curies":[{"name":"wp","href":"https:\/\/api.w.org\/{rel}","templated":true}]}}