{"id":363,"date":"2010-09-14T21:01:46","date_gmt":"2010-09-14T19:01:46","guid":{"rendered":"http:\/\/www.bodofilmklubb.no\/?page_id=363"},"modified":"2010-09-16T22:47:03","modified_gmt":"2010-09-16T20:47:03","slug":"herfra-til-evigheten","status":"publish","type":"page","link":"https:\/\/www.bodofilmklubb.no\/index.php\/herfra-til-evigheten\/","title":{"rendered":"Herfra til evigheten"},"content":{"rendered":"<div><span style=\"font-size: small;\"><\/span><\/div>\n<p><span style=\"font-size: small;\"><span style=\"font-family: &quot;Verdana&quot;,&quot;sans-serif&quot;; color: black; mso-bidi-font-size: 14.0pt;\"><span style=\"font-family: &quot;Verdana&quot;,&quot;sans-serif&quot;; color: black; mso-bidi-font-size: 14.0pt;\"><\/p>\n<p class=\"MsoNormal\" style=\"margin: 0cm 0cm 0pt; mso-outline-level: 1;\"><span style=\"font-family: Times New Roman;\">Originaltittel: From Here to Eternity, Regi: Fred Zinnemann, Skuespillere: Burt Lancaster, Montgomery Cliff, Deborah Kerr, Donna Reed, Frank Sinatra, Nasjonalitet: USA 1953, Spr\u00e5k: Engelsk <span style=\"text-decoration: underline;\">uten tekst<\/span>, Lengde: 1t 58min \u2013 digital<\/span><\/p>\n<p class=\"MsoNormal\" style=\"margin: 0cm 0cm 0pt;\"><span style=\"font-family: Times New Roman;\">\u00a0<\/span><\/p>\n<p><font style=\"mso-bidi-font-size: 14.0pt;\" face=\"&quot;Verdana&quot;,&quot;sans-serif&quot;\" color=\"black\"><\/p>\n<p class=\"MsoNormal\" style=\"margin: 0cm 0cm 0pt; mso-outline-level: 1;\">\u00a0<\/p>\n<p><\/font><\/span><\/p>\n<p class=\"MsoNormal\" style=\"margin: 0cm 0cm 0pt; mso-outline-level: 1;\">\u00a0<\/p>\n<p class=\"MsoNormal\" style=\"margin: 0cm 0cm 0pt; mso-outline-level: 1;\"><span style=\"font-family: &quot;Verdana&quot;,&quot;sans-serif&quot;; color: black; mso-bidi-font-size: 14.0pt;\"><strong>Historiens mest ber\u00f8mte filmkyss<\/strong><\/span><\/p>\n<p class=\"MsoNormal\" style=\"margin: 0cm 0cm 0pt; mso-outline-level: 1;\"><span style=\"font-family: &quot;Verdana&quot;,&quot;sans-serif&quot;; color: black; mso-bidi-font-size: 14.0pt;\">Kj\u00e6rlighetscenen mellom Deborah Kerr og Burt Lancaster er en av de mest ber\u00f8mte som er festet til film. Handlingen er lagt til Hawaii like f\u00f8r angrepet p\u00e5 Pearl Harbour, men dreier seg mer om \u00e5 beskrive et samfunn i endring enn andre verdenskrig.<\/span><\/p>\n<p class=\"MsoNormal\" style=\"margin: 0cm 0cm 0pt; mso-outline-level: 1;\"><em style=\"mso-bidi-font-style: normal;\"><span style=\"font-family: &quot;Verdana&quot;,&quot;sans-serif&quot;; color: black; mso-bidi-font-size: 14.0pt;\">\u201dHerfra til evigheten\u201d<\/span><\/em><span style=\"font-family: &quot;Verdana&quot;,&quot;sans-serif&quot;; color: black; mso-bidi-font-size: 14.0pt;\"> er p\u00e5 mange m\u00e5ter den store birollefilmen. Nesten hele skuespillerteamet fikk Oscar-nominasjoner, men det var kun birolleinnehaverne Frank Sinatra og Donna Reed som til slutt fikk hver sin Oscar. Klassisk Hollywood!<\/span><\/p>\n<p class=\"MsoNormal\" style=\"margin: 0cm 0cm 0pt;\"><span style=\"font-family: Times New Roman;\">\u00a0<\/span><\/p>\n<p class=\"MsoNormal\" style=\"margin: 0cm 0cm 0pt -27pt; mso-outline-level: 1;\">\u00a0<\/p>\n<p>\u00a0<\/p>\n<p><font style=\"font-size: small;\" size=\"3\"><font style=\"mso-bidi-font-size: 14.0pt;\" face=\"&quot;Verdana&quot;,&quot;sans-serif&quot;\" color=\"black\">\u00a0<\/p>\n<p><\/font><\/font><\/span><font style=\"font-size: small;\" size=\"3\">\u00a0<\/p>\n<p><\/font><\/span>\u00a0<\/p>\n<p>\u00a0<\/p>\n<p class=\"MsoNormal\" style=\"margin: 0cm 0cm 0pt -27pt; mso-outline-level: 1;\">\u00a0<\/p>\n<p class=\"MsoNormal\" style=\"margin: 0cm 0cm 0pt -27pt; mso-outline-level: 1;\">\u00a0<\/p>\n","protected":false},"excerpt":{"rendered":"<p>Originaltittel: From Here to Eternity, Regi: Fred Zinnemann, Skuespillere: Burt Lancaster, Montgomery Cliff, Deborah Kerr, Donna Reed, Frank Sinatra, Nasjonalitet: USA 1953, Spr\u00e5k: Engelsk uten tekst, Lengde: 1t 58min \u2013 digital \u00a0 \u00a0 \u00a0 Historiens mest ber\u00f8mte filmkyss Kj\u00e6rlighetscenen mellom Deborah Kerr og Burt Lancaster er en av de mest ber\u00f8mte som er festet til [&hellip;]<\/p>\n","protected":false},"author":2,"featured_media":0,"parent":0,"menu_order":0,"comment_status":"open","ping_status":"open","template":"","meta":{"footnotes":""},"class_list":["post-363","page","type-page","status-publish","hentry"],"_links":{"self":[{"href":"https:\/\/www.bodofilmklubb.no\/index.php\/wp-json\/wp\/v2\/pages\/363","targetHints":{"allow":["GET"]}}],"collection":[{"href":"https:\/\/www.bodofilmklubb.no\/index.php\/wp-json\/wp\/v2\/pages"}],"about":[{"href":"https:\/\/www.bodofilmklubb.no\/index.php\/wp-json\/wp\/v2\/types\/page"}],"author":[{"embeddable":true,"href":"https:\/\/www.bodofilmklubb.no\/index.php\/wp-json\/wp\/v2\/users\/2"}],"replies":[{"embeddable":true,"href":"https:\/\/www.bodofilmklubb.no\/index.php\/wp-json\/wp\/v2\/comments?post=363"}],"version-history":[{"count":2,"href":"https:\/\/www.bodofilmklubb.no\/index.php\/wp-json\/wp\/v2\/pages\/363\/revisions"}],"predecessor-version":[{"id":407,"href":"https:\/\/www.bodofilmklubb.no\/index.php\/wp-json\/wp\/v2\/pages\/363\/revisions\/407"}],"wp:attachment":[{"href":"https:\/\/www.bodofilmklubb.no\/index.php\/wp-json\/wp\/v2\/media?parent=363"}],"curies":[{"name":"wp","href":"https:\/\/api.w.org\/{rel}","templated":true}]}}