{"id":481,"date":"2011-01-27T11:36:36","date_gmt":"2011-01-27T09:36:36","guid":{"rendered":"http:\/\/www.bodofilmklubb.no\/?page_id=481"},"modified":"2011-01-27T11:36:36","modified_gmt":"2011-01-27T09:36:36","slug":"motforestilling","status":"publish","type":"page","link":"https:\/\/www.bodofilmklubb.no\/index.php\/motforestilling\/","title":{"rendered":"Motforestilling"},"content":{"rendered":"<p><!--[if gte mso 9]><xml> <w:WordDocument> <w:View>Normal<\/w:View> <w:Zoom>0<\/w:Zoom> <w:HyphenationZone>21<\/w:HyphenationZone> <w:PunctuationKerning \/> <w:ValidateAgainstSchemas \/> <w:SaveIfXMLInvalid>false<\/w:SaveIfXMLInvalid> <w:IgnoreMixedContent>false<\/w:IgnoreMixedContent> <w:AlwaysShowPlaceholderText>false<\/w:AlwaysShowPlaceholderText> <w:Compatibility> <w:BreakWrappedTables \/> <w:SnapToGridInCell \/> <w:WrapTextWithPunct \/> <w:UseAsianBreakRules \/> <w:DontGrowAutofit \/> <\/w:Compatibility> <w:BrowserLevel>MicrosoftInternetExplorer4<\/w:BrowserLevel> <\/w:WordDocument> <\/xml><![endif]--><!--[if gte mso 9]><xml> <w:LatentStyles DefLockedState=\"false\" LatentStyleCount=\"156\"> <\/w:LatentStyles> <\/xml><![endif]--><!--[if gte mso 10]> \n\n<style>\n \/* Style Definitions *\/\n table.MsoNormalTable\n\t{mso-style-name:\"Vanlig tabell\";\n\tmso-tstyle-rowband-size:0;\n\tmso-tstyle-colband-size:0;\n\tmso-style-noshow:yes;\n\tmso-style-parent:\"\";\n\tmso-padding-alt:0cm 5.4pt 0cm 5.4pt;\n\tmso-para-margin:0cm;\n\tmso-para-margin-bottom:.0001pt;\n\tmso-pagination:widow-orphan;\n\tfont-size:10.0pt;\n\tfont-family:\"Times New Roman\";\n\tmso-ansi-language:#0400;\n\tmso-fareast-language:#0400;\n\tmso-bidi-language:#0400;}\n<\/style>\n\n <![endif]--><\/p>\n<p class=\"MsoNormal\"><span>Regi: Erik L\u00f8chen, Skuespillere: Espen Skj\u00f8nberg, Per Theodor Haugen, Knut Huseb\u00f8, Anne Marie Ottersen, Kari Rasmussen, Nasjonalitet: Norge, 1972, Spr\u00e5k: Norsk, Lengde: 1 t 37 min.<\/span><\/p>\n<p class=\"MsoNormal\"><span style=\"font-family: Verdana; color: black;\"> <\/span><\/p>\n<p class=\"MsoNormal\"><strong><span style=\"font-family: Verdana; color: black;\">En film som kan sees p\u00e5 flere vis\u2026<\/span><\/strong><\/p>\n<p class=\"MsoNormal\"><em><span style=\"font-family: Verdana; color: black;\">Motforestilling<\/span><\/em><span style=\"font-family: Verdana; color: black;\"> er en film om en filmregiss\u00f8r som og skuespillerne som er med i filmen. Handlingen beveger seg over <\/span><span style=\"font-family: Verdana;\">flere plan: selve filminnspillingen, filmen som blir spilt inn og kj\u00e6rlighetsforholdet mellom to av skuespillerne. De tre niv\u00e5ene er vevd sammen uten klare overganger, der det som skjer p\u00e5 ett plan gjerne kan f\u00e5 konsekvenser p\u00e5 et annet. I et fragmentert filmspr\u00e5k, og med utgangspunkt i tema som NATO, Overv\u00e5kningspolitiet og forholdet til stormaktene, stiller L\u00f8chen ambisi\u00f8se sp\u00f8rsm\u00e5l om hva virkelighet er og hva film er. Jean-Luc Godard har sagt at en film skal ha en begynnelse, et midtparti og en slutt, men ikke n\u00f8dvendigvis i den rekkef\u00f8lgen. Motforestilling er dette utsagnets ytterste konsekvens. Vanlige kinofilmer best\u00e5r vanligvis av 5-6 akter som spilles av kronologisk. Motforestilling best\u00e5r av fem akter, men det er ikke noen kronologi mellom aktene. L\u00f8chen mente at aktsammensetningen ikke beh\u00f8vde \u00e5 v\u00e6re satt, men man kunne se dem i den rekkef\u00f8lgen man selv \u00f8nsket.<\/span><\/p>\n<p class=\"MsoNormal\"><a href=\"http:\/\/www.youtube.com\/watch?v=r9IwREZZVwE&amp;feature=youtube_gdata\">Filmklipp<\/a><\/p>\n","protected":false},"excerpt":{"rendered":"<p>Regi: Erik L\u00f8chen, Skuespillere: Espen Skj\u00f8nberg, Per Theodor Haugen, Knut Huseb\u00f8, Anne Marie Ottersen, Kari Rasmussen, Nasjonalitet: Norge, 1972, Spr\u00e5k: Norsk, Lengde: 1 t 37 min. En film som kan sees p\u00e5 flere vis\u2026 Motforestilling er en film om en filmregiss\u00f8r som og skuespillerne som er med i filmen. Handlingen beveger seg over flere plan: [&hellip;]<\/p>\n","protected":false},"author":2,"featured_media":0,"parent":0,"menu_order":0,"comment_status":"open","ping_status":"open","template":"","meta":{"footnotes":""},"class_list":["post-481","page","type-page","status-publish","hentry"],"_links":{"self":[{"href":"https:\/\/www.bodofilmklubb.no\/index.php\/wp-json\/wp\/v2\/pages\/481","targetHints":{"allow":["GET"]}}],"collection":[{"href":"https:\/\/www.bodofilmklubb.no\/index.php\/wp-json\/wp\/v2\/pages"}],"about":[{"href":"https:\/\/www.bodofilmklubb.no\/index.php\/wp-json\/wp\/v2\/types\/page"}],"author":[{"embeddable":true,"href":"https:\/\/www.bodofilmklubb.no\/index.php\/wp-json\/wp\/v2\/users\/2"}],"replies":[{"embeddable":true,"href":"https:\/\/www.bodofilmklubb.no\/index.php\/wp-json\/wp\/v2\/comments?post=481"}],"version-history":[{"count":1,"href":"https:\/\/www.bodofilmklubb.no\/index.php\/wp-json\/wp\/v2\/pages\/481\/revisions"}],"predecessor-version":[{"id":482,"href":"https:\/\/www.bodofilmklubb.no\/index.php\/wp-json\/wp\/v2\/pages\/481\/revisions\/482"}],"wp:attachment":[{"href":"https:\/\/www.bodofilmklubb.no\/index.php\/wp-json\/wp\/v2\/media?parent=481"}],"curies":[{"name":"wp","href":"https:\/\/api.w.org\/{rel}","templated":true}]}}