{"id":483,"date":"2011-01-27T11:42:14","date_gmt":"2011-01-27T09:42:14","guid":{"rendered":"http:\/\/www.bodofilmklubb.no\/?page_id=483"},"modified":"2011-01-27T11:42:14","modified_gmt":"2011-01-27T09:42:14","slug":"kniven-i-vannet","status":"publish","type":"page","link":"https:\/\/www.bodofilmklubb.no\/index.php\/kniven-i-vannet\/","title":{"rendered":"Kniven i vannet"},"content":{"rendered":"<p><!--[if gte mso 9]><xml> <o:OfficeDocumentSettings> <o:RelyOnVML \/> <o:AllowPNG \/> <\/o:OfficeDocumentSettings> <\/xml><![endif]--><!--[if gte mso 9]><xml> <w:WordDocument> <w:View>Normal<\/w:View> <w:Zoom>0<\/w:Zoom> <w:HyphenationZone>21<\/w:HyphenationZone> <w:PunctuationKerning \/> <w:ValidateAgainstSchemas \/> <w:SaveIfXMLInvalid>false<\/w:SaveIfXMLInvalid> <w:IgnoreMixedContent>false<\/w:IgnoreMixedContent> <w:AlwaysShowPlaceholderText>false<\/w:AlwaysShowPlaceholderText> <w:Compatibility> <w:BreakWrappedTables \/> <w:SnapToGridInCell \/> <w:WrapTextWithPunct \/> <w:UseAsianBreakRules \/> <w:DontGrowAutofit \/> <\/w:Compatibility> <\/w:WordDocument> <\/xml><![endif]--><!--[if gte mso 9]><xml> <w:LatentStyles DefLockedState=\"false\" LatentStyleCount=\"156\"> <\/w:LatentStyles> <\/xml><![endif]--><!--[if gte mso 10]> \n\n<style>\n \/* Style Definitions *\/\n table.MsoNormalTable\n\t{mso-style-name:\"Vanlig tabell\";\n\tmso-tstyle-rowband-size:0;\n\tmso-tstyle-colband-size:0;\n\tmso-style-noshow:yes;\n\tmso-style-parent:\"\";\n\tmso-padding-alt:0cm 5.4pt 0cm 5.4pt;\n\tmso-para-margin:0cm;\n\tmso-para-margin-bottom:.0001pt;\n\tmso-pagination:widow-orphan;\n\tfont-size:10.0pt;\n\tfont-family:\"Times New Roman\";\n\tmso-ansi-language:#0400;\n\tmso-fareast-language:#0400;\n\tmso-bidi-language:#0400;}\n<\/style>\n\n <![endif]--><\/p>\n<p class=\"MsoNormal\">Originaltittel: <span>N\u00f3z w Wodzie<\/span>, Regi: Roman Polanski, Skuespillere: <span>Leon Niemczyk, Jolanta Umecka, Zygmunt Malanowicz, <\/span>Nasjonalitet: Polen 1962, Spr\u00e5k: Polsk \u2013 med norske tekster Lengde: 1 t 34 min.<\/p>\n<p class=\"MsoNormal\">\n<p class=\"MsoNormal\"><strong><span style=\"font-family: Verdana; color: black;\">Roman Polanskis debutfilm.<\/span><\/strong><\/p>\n<p class=\"MsoNormal\"><em><span style=\"font-family: Verdana; color: black;\">Kniven i vannet<\/span><\/em><span style=\"font-family: Verdana; color: black;\"> er et psykologisk trekantdrama som kretser rundt et ektepar, sportsjournalisten Andrzej og Krystyna, p\u00e5 vei til en b\u00e5ttur, og den unge navnel\u00f8se haikeren som de plukker opp underveis. Fra f\u00f8rste sekund begynner en maktkamp mellom de to mennene som tilspisser seg i det paret tar den unge mannen med p\u00e5 b\u00e5ten sin. <\/span><\/p>\n<p class=\"MsoNormal\"><span style=\"font-family: Verdana; color: black;\">Allerede i sin f\u00f8rste langfilm viser Polanski de ferdighetene som senere f\u00f8rte han ut av Polen og til en lysende internasjonal regikarriere. Psykologisk spenning spikket med thrillerelementer kjennetegner <em>Kniven i vannet<\/em>. Tittelen henspiller p\u00e5 en kniv som den unge haikeren ofte leker (og truer) med. <\/span><\/p>\n<p class=\"MsoNormal\"><span style=\"font-family: Verdana; color: black;\">St\u00f8rst suksess gjorde filmen i utlandet, hvor den blant annet fikk en Oscarnominasjon som beste utenlandske film. I Polen er filmen i ettertid blitt sett p\u00e5 som utgangspunktet for et nytt kapittel i den nasjonale filmhistorien.<\/span><\/p>\n<p class=\"MsoNormal\"><a href=\"http:\/\/www.youtube.com\/watch?v=1AzFuacw7e0\">Filmklipp<\/a><\/p>\n","protected":false},"excerpt":{"rendered":"<p>Originaltittel: N\u00f3z w Wodzie, Regi: Roman Polanski, Skuespillere: Leon Niemczyk, Jolanta Umecka, Zygmunt Malanowicz, Nasjonalitet: Polen 1962, Spr\u00e5k: Polsk \u2013 med norske tekster Lengde: 1 t 34 min. Roman Polanskis debutfilm. Kniven i vannet er et psykologisk trekantdrama som kretser rundt et ektepar, sportsjournalisten Andrzej og Krystyna, p\u00e5 vei til en b\u00e5ttur, og den unge [&hellip;]<\/p>\n","protected":false},"author":2,"featured_media":0,"parent":0,"menu_order":0,"comment_status":"open","ping_status":"open","template":"","meta":{"footnotes":""},"class_list":["post-483","page","type-page","status-publish","hentry"],"_links":{"self":[{"href":"https:\/\/www.bodofilmklubb.no\/index.php\/wp-json\/wp\/v2\/pages\/483","targetHints":{"allow":["GET"]}}],"collection":[{"href":"https:\/\/www.bodofilmklubb.no\/index.php\/wp-json\/wp\/v2\/pages"}],"about":[{"href":"https:\/\/www.bodofilmklubb.no\/index.php\/wp-json\/wp\/v2\/types\/page"}],"author":[{"embeddable":true,"href":"https:\/\/www.bodofilmklubb.no\/index.php\/wp-json\/wp\/v2\/users\/2"}],"replies":[{"embeddable":true,"href":"https:\/\/www.bodofilmklubb.no\/index.php\/wp-json\/wp\/v2\/comments?post=483"}],"version-history":[{"count":1,"href":"https:\/\/www.bodofilmklubb.no\/index.php\/wp-json\/wp\/v2\/pages\/483\/revisions"}],"predecessor-version":[{"id":484,"href":"https:\/\/www.bodofilmklubb.no\/index.php\/wp-json\/wp\/v2\/pages\/483\/revisions\/484"}],"wp:attachment":[{"href":"https:\/\/www.bodofilmklubb.no\/index.php\/wp-json\/wp\/v2\/media?parent=483"}],"curies":[{"name":"wp","href":"https:\/\/api.w.org\/{rel}","templated":true}]}}