{"id":493,"date":"2011-01-27T12:05:36","date_gmt":"2011-01-27T10:05:36","guid":{"rendered":"http:\/\/www.bodofilmklubb.no\/?page_id=493"},"modified":"2011-01-27T12:05:36","modified_gmt":"2011-01-27T10:05:36","slug":"still-walking","status":"publish","type":"page","link":"https:\/\/www.bodofilmklubb.no\/index.php\/still-walking\/","title":{"rendered":"Still Walking"},"content":{"rendered":"<p><!--[if gte mso 9]><xml> <w:WordDocument> <w:View>Normal<\/w:View> <w:Zoom>0<\/w:Zoom> <w:HyphenationZone>21<\/w:HyphenationZone> <w:PunctuationKerning \/> <w:ValidateAgainstSchemas \/> <w:SaveIfXMLInvalid>false<\/w:SaveIfXMLInvalid> <w:IgnoreMixedContent>false<\/w:IgnoreMixedContent> <w:AlwaysShowPlaceholderText>false<\/w:AlwaysShowPlaceholderText> <w:Compatibility> <w:BreakWrappedTables \/> <w:SnapToGridInCell \/> <w:WrapTextWithPunct \/> <w:UseAsianBreakRules \/> <w:DontGrowAutofit \/> <\/w:Compatibility> <w:BrowserLevel>MicrosoftInternetExplorer4<\/w:BrowserLevel> <\/w:WordDocument> <\/xml><![endif]--><!--[if gte mso 9]><xml> <w:LatentStyles DefLockedState=\"false\" LatentStyleCount=\"156\"> <\/w:LatentStyles> <\/xml><![endif]--><!--[if gte mso 10]> \n\n<style>\n \/* Style Definitions *\/\n table.MsoNormalTable\n\t{mso-style-name:\"Vanlig tabell\";\n\tmso-tstyle-rowband-size:0;\n\tmso-tstyle-colband-size:0;\n\tmso-style-noshow:yes;\n\tmso-style-parent:\"\";\n\tmso-padding-alt:0cm 5.4pt 0cm 5.4pt;\n\tmso-para-margin:0cm;\n\tmso-para-margin-bottom:.0001pt;\n\tmso-pagination:widow-orphan;\n\tfont-size:10.0pt;\n\tfont-family:\"Times New Roman\";\n\tmso-ansi-language:#0400;\n\tmso-fareast-language:#0400;\n\tmso-bidi-language:#0400;}\n<\/style>\n\n <![endif]--><\/p>\n<p class=\"MsoNormal\"><span style=\"font-family: Verdana; color: black;\">Original tittel: Aruitemo aruitemo, Regi: Hirokazu Kore-eda, Skuespillere:<span> <\/span>Yoshio Harada, Hiroshi Abe, Kirin Kiki, Yui Natsukawa, Nasjonalitet:<span> <\/span>Japan 2008, Spr\u00e5k: japansk, Lengde 1 t 54 min<\/span><\/p>\n<p class=\"MsoNormal\"><span style=\"font-family: Verdana; color: black;\"><span> <\/span><\/span><\/p>\n<p class=\"MsoNormal\"><span style=\"font-family: Verdana; color: black;\" lang=\"EN-GB\"><strong>\u201cTranscendent\u2026completely absorbing, so sure of its own scale and scope that while you\u2019re watching it the rest of the world fades into irrelevance\u201d<\/strong> \u2013 The New York Times<\/span><\/p>\n<p class=\"MsoNormal\"><span style=\"font-family: Verdana; color: black;\" lang=\"EN-GB\"> <\/span><\/p>\n<p class=\"MsoNormal\"><span style=\"font-family: Verdana; color: black;\">Fortalt gjennom 24 timer en varm sommerdag er <em>Still Walking<\/em> en stillferdig, men morsom og varm fortelling om vanskelige familieb\u00e5nd. <\/span><\/p>\n<p class=\"MsoNormal\"><span style=\"font-family: Verdana; color: black;\">Familien Yokohama samles hvert \u00e5r hos foreldrene p\u00e5 minnedagen for eldstes\u00f8nnen som d\u00f8de i en drukningsulykke. Dette er et familietreff som kanskje ingen ser frem til, s\u00e6rlig ikke den gjenlevende s\u00f8nnen Ryoto. Ryoto er arbeidsledig og har et anstrengt forhold til faren som ikke kan akseptere at s\u00f8nnen sviktet familietradisjonen ved ikke \u00e5 ble lege som han selv. At han har giftet seg med en kvinne med barn fra et tidligere ekteskap hjelper heller ikke p\u00e5.<\/span><\/p>\n<p class=\"MsoNormal\"><span style=\"font-family: Verdana; color: black;\"><em>Still Walking<\/em> er Kore-edas definitive gjennombrudd som regiss\u00f8r og filmkritikere har sammenlignet filmen med Ozus mesterverk <em>Tokyo Story<\/em>.<\/span><\/p>\n<p class=\"MsoNormal\"><a href=\"http:\/\/www.youtube.com\/watch?v=Id7tXouypEE\">Trailer<\/a><\/p>\n","protected":false},"excerpt":{"rendered":"<p>Original tittel: Aruitemo aruitemo, Regi: Hirokazu Kore-eda, Skuespillere: Yoshio Harada, Hiroshi Abe, Kirin Kiki, Yui Natsukawa, Nasjonalitet: Japan 2008, Spr\u00e5k: japansk, Lengde 1 t 54 min \u201cTranscendent\u2026completely absorbing, so sure of its own scale and scope that while you\u2019re watching it the rest of the world fades into irrelevance\u201d \u2013 The New York Times Fortalt [&hellip;]<\/p>\n","protected":false},"author":2,"featured_media":0,"parent":0,"menu_order":0,"comment_status":"open","ping_status":"open","template":"","meta":{"footnotes":""},"class_list":["post-493","page","type-page","status-publish","hentry"],"_links":{"self":[{"href":"https:\/\/www.bodofilmklubb.no\/index.php\/wp-json\/wp\/v2\/pages\/493","targetHints":{"allow":["GET"]}}],"collection":[{"href":"https:\/\/www.bodofilmklubb.no\/index.php\/wp-json\/wp\/v2\/pages"}],"about":[{"href":"https:\/\/www.bodofilmklubb.no\/index.php\/wp-json\/wp\/v2\/types\/page"}],"author":[{"embeddable":true,"href":"https:\/\/www.bodofilmklubb.no\/index.php\/wp-json\/wp\/v2\/users\/2"}],"replies":[{"embeddable":true,"href":"https:\/\/www.bodofilmklubb.no\/index.php\/wp-json\/wp\/v2\/comments?post=493"}],"version-history":[{"count":1,"href":"https:\/\/www.bodofilmklubb.no\/index.php\/wp-json\/wp\/v2\/pages\/493\/revisions"}],"predecessor-version":[{"id":494,"href":"https:\/\/www.bodofilmklubb.no\/index.php\/wp-json\/wp\/v2\/pages\/493\/revisions\/494"}],"wp:attachment":[{"href":"https:\/\/www.bodofilmklubb.no\/index.php\/wp-json\/wp\/v2\/media?parent=493"}],"curies":[{"name":"wp","href":"https:\/\/api.w.org\/{rel}","templated":true}]}}