{"id":55,"date":"2008-09-11T22:06:48","date_gmt":"2008-09-11T20:06:48","guid":{"rendered":"http:\/\/www.bodofilmklubb.no\/?page_id=55"},"modified":"2008-10-23T09:31:28","modified_gmt":"2008-10-23T07:31:28","slug":"avdod","status":"publish","type":"page","link":"https:\/\/www.bodofilmklubb.no\/index.php\/filmer\/avdod\/","title":{"rendered":"Avd\u00f8de advarer"},"content":{"rendered":"<p>Originaltittel: Don\u2019t look now, Regi: Nicolas Roeg, Skuespillere: Donald Sutherland, Julie Christie, Nasjonalitet: Storbritannia 1973, Spr\u00e5k: Engelsk \u2013 uten norske tekster, Lengde: 1t 50min<\/p>\n<p><strong>70-tallsklassiker med Julie Christie og Donald Sutherland<\/strong><\/p>\n<p>Nicolas Roegs tredje spillefilm etter debutfilmen Performance setter den dag i dag standard for intelligent og spennende filmunderholdning med psykologisk dybde.<\/p>\n<p>Ekteparet John og Laura Baxter mister p\u00e5 tragisk vis deres datter. Hun drukner i en dam bak huset deres i England. For \u00e5 komme seg etter tapet reiser de til Venezia der John Baxter leder restaureringen av et kirkebygg. Baxter er en n\u00f8ktern og realistisk person, men i Venezia begynner grensen mellom realitet, syner og dr\u00f8m \u00e5 bli flytende. Er den lille r\u00f8dkledde skikkelsen han ser hans datter?<\/p>\n<p>Avd\u00f8de advarer er et mesterverk i filmmontasje. Klippingen gir filmen en sjelden psykologisk spenning fra begynnelsen og fram til en virkelig skremmende avslutning. Se den!<\/p>\n","protected":false},"excerpt":{"rendered":"<p>Originaltittel: Don\u2019t look now, Regi: Nicolas Roeg, Skuespillere: Donald Sutherland, Julie Christie, Nasjonalitet: Storbritannia 1973, Spr\u00e5k: Engelsk \u2013 uten norske tekster, Lengde: 1t 50min 70-tallsklassiker med Julie Christie og Donald Sutherland Nicolas Roegs tredje spillefilm etter debutfilmen Performance setter den dag i dag standard for intelligent og spennende filmunderholdning med psykologisk dybde. Ekteparet John og [&hellip;]<\/p>\n","protected":false},"author":1,"featured_media":0,"parent":16,"menu_order":0,"comment_status":"open","ping_status":"open","template":"","meta":{"footnotes":""},"class_list":["post-55","page","type-page","status-publish","hentry"],"_links":{"self":[{"href":"https:\/\/www.bodofilmklubb.no\/index.php\/wp-json\/wp\/v2\/pages\/55","targetHints":{"allow":["GET"]}}],"collection":[{"href":"https:\/\/www.bodofilmklubb.no\/index.php\/wp-json\/wp\/v2\/pages"}],"about":[{"href":"https:\/\/www.bodofilmklubb.no\/index.php\/wp-json\/wp\/v2\/types\/page"}],"author":[{"embeddable":true,"href":"https:\/\/www.bodofilmklubb.no\/index.php\/wp-json\/wp\/v2\/users\/1"}],"replies":[{"embeddable":true,"href":"https:\/\/www.bodofilmklubb.no\/index.php\/wp-json\/wp\/v2\/comments?post=55"}],"version-history":[{"count":5,"href":"https:\/\/www.bodofilmklubb.no\/index.php\/wp-json\/wp\/v2\/pages\/55\/revisions"}],"predecessor-version":[{"id":70,"href":"https:\/\/www.bodofilmklubb.no\/index.php\/wp-json\/wp\/v2\/pages\/55\/revisions\/70"}],"up":[{"embeddable":true,"href":"https:\/\/www.bodofilmklubb.no\/index.php\/wp-json\/wp\/v2\/pages\/16"}],"wp:attachment":[{"href":"https:\/\/www.bodofilmklubb.no\/index.php\/wp-json\/wp\/v2\/media?parent=55"}],"curies":[{"name":"wp","href":"https:\/\/api.w.org\/{rel}","templated":true}]}}