{"id":621,"date":"2012-01-25T19:46:56","date_gmt":"2012-01-25T17:46:56","guid":{"rendered":"http:\/\/www.bodofilmklubb.no\/?page_id=621"},"modified":"2012-01-25T19:46:56","modified_gmt":"2012-01-25T17:46:56","slug":"rachel-getting-married","status":"publish","type":"page","link":"https:\/\/www.bodofilmklubb.no\/index.php\/rachel-getting-married\/","title":{"rendered":"Rachel Getting Married"},"content":{"rendered":"<p><a href=\"http:\/\/outnow.ch\/Media\/Movies\/Bilder\/2008\/RachelGettingMarried\/movie.fs\/33.jpg\"><img loading=\"lazy\" decoding=\"async\" class=\"alignnone\" title=\"RAchel getting married\" src=\"http:\/\/outnow.ch\/Media\/Movies\/Bilder\/2008\/RachelGettingMarried\/movie.fs\/33.jpg\" alt=\"\" width=\"272\" height=\"181\" \/><\/a><\/p>\n<p>Regi: Jonathan Demme<br \/>\nMed: Anne Hathaway, Debra Winger<br \/>\nLand: USA 2008<br \/>\nSpr\u00e5k: engelsk, med norske tekster<br \/>\nLengde: 1 t 53 min<br \/>\nLisens\/Format: Norwegian Film AS\/BluRay<\/p>\n<p><strong>Anne Hathaways gjennombrusddsfilm<\/strong><br \/>\nHovedpersonen Kym (Hathaway) f\u00e5r fri fra et lengre rehabiliteringsopphold for \u00e5 delta i s\u00f8steren Rachels bryllup. Hun har en lang historie med personlige kriser, tragedier og familiekonflikt med seg til feiringen. Familie og venner har samlet seg til bryllupsfest, men Kym sine bitende, korte replikker og sans for rystende drama blir en katalysator for spenningene som har ligget og ulmet lenge i familiedynamikken.<br \/>\nFilmen er spekket med rike og enest\u00e5ende karakterer som kjennemerker Jonathan Demmes filmer, den maler et ektef\u00f8lt, v\u00e5kent og noen ganger helt spr\u00f8tt familieportrett. Den er en emosjonell og kompleks karakterstudie av en ung kvinne som pr\u00f8ver \u00e5 tilgi og akseptere seg selv for den hun er og det hun har gjort.<br \/>\nJonathan Demme bruker en dokumentarisk og dogmelignende filmstil for \u00e5 f\u00e5 fram stor autentisitet og en f\u00f8lelse av \u00e5 observere noe som p\u00e5g\u00e5r i virkelig tid. Bruken av n\u00e6rbildefokuset drar oss inn i hovedpersonens indre mens spontan og kort tagning skaper uforutsigbarhet og bra tempo.<br \/>\n\u00abRachel getting married\u00bb har til sammen vunnet 12 internasjonale filmpriser og v\u00e6rt nominert til 22.<br \/>\n(Kilde: filmweb.no og tromsoby.no)<\/p>\n<p><a href=\"http:\/\/www.youtube.com\/watch?v=8tIvMUy8UDs\">Trailer<\/a><\/p>\n","protected":false},"excerpt":{"rendered":"<p>Regi: Jonathan Demme Med: Anne Hathaway, Debra Winger Land: USA 2008 Spr\u00e5k: engelsk, med norske tekster Lengde: 1 t 53 min Lisens\/Format: Norwegian Film AS\/BluRay Anne Hathaways gjennombrusddsfilm Hovedpersonen Kym (Hathaway) f\u00e5r fri fra et lengre rehabiliteringsopphold for \u00e5 delta i s\u00f8steren Rachels bryllup. Hun har en lang historie med personlige kriser, tragedier og familiekonflikt [&hellip;]<\/p>\n","protected":false},"author":2,"featured_media":0,"parent":0,"menu_order":0,"comment_status":"open","ping_status":"open","template":"","meta":{"footnotes":""},"class_list":["post-621","page","type-page","status-publish","hentry"],"_links":{"self":[{"href":"https:\/\/www.bodofilmklubb.no\/index.php\/wp-json\/wp\/v2\/pages\/621","targetHints":{"allow":["GET"]}}],"collection":[{"href":"https:\/\/www.bodofilmklubb.no\/index.php\/wp-json\/wp\/v2\/pages"}],"about":[{"href":"https:\/\/www.bodofilmklubb.no\/index.php\/wp-json\/wp\/v2\/types\/page"}],"author":[{"embeddable":true,"href":"https:\/\/www.bodofilmklubb.no\/index.php\/wp-json\/wp\/v2\/users\/2"}],"replies":[{"embeddable":true,"href":"https:\/\/www.bodofilmklubb.no\/index.php\/wp-json\/wp\/v2\/comments?post=621"}],"version-history":[{"count":1,"href":"https:\/\/www.bodofilmklubb.no\/index.php\/wp-json\/wp\/v2\/pages\/621\/revisions"}],"predecessor-version":[{"id":622,"href":"https:\/\/www.bodofilmklubb.no\/index.php\/wp-json\/wp\/v2\/pages\/621\/revisions\/622"}],"wp:attachment":[{"href":"https:\/\/www.bodofilmklubb.no\/index.php\/wp-json\/wp\/v2\/media?parent=621"}],"curies":[{"name":"wp","href":"https:\/\/api.w.org\/{rel}","templated":true}]}}