{"id":982,"date":"2015-01-22T15:55:25","date_gmt":"2015-01-22T13:55:25","guid":{"rendered":"http:\/\/www.bodofilmklubb.no\/?page_id=982"},"modified":"2015-01-22T15:55:25","modified_gmt":"2015-01-22T13:55:25","slug":"en-sporvogn-til-begj%c3%a6r","status":"publish","type":"page","link":"https:\/\/www.bodofilmklubb.no\/index.php\/en-sporvogn-til-begj%c3%a6r\/","title":{"rendered":"En sporvogn til begj\u00e6r"},"content":{"rendered":"<p><strong>USA, 1951<\/strong><br \/>\n<strong> Regi: Elia Kazan<\/strong><br \/>\n<strong> Manus: Tennessee Williams<\/strong><br \/>\n<strong> Skuespillere: Marlon Brando, Vivien Leigh, Kim Hunter, Karl  Malden, Rudy Bond, Nick Dennis, Peg Hillias, Wright King, Richard  Garrick, Ann Dere, Edna Thomas, Mickey Kuhn<\/strong><br \/>\n<strong> Musikk:Alex North<\/strong><br \/>\n<strong> Spr\u00e5k: Engelsk tale<\/strong><br \/>\n<strong> Lengde: 2 t. 2 min.<\/strong><br \/>\n<strong> Format DCP<\/strong><\/p>\n<p><strong>Mektig drama med Marlon Brando &#8211; Klassisk Hollywooddrama<\/strong><\/p>\n<p>Kort: Marlon Brando spiller Stanley Kowalski, den ubeh\u00f8vlete  arbeidskaren som driver den snobbete svigerinnen sin til galskap. En  sporvogn til begj\u00e6r ble betegnet som dekadent, amoralsk og vulg\u00e6r da den  kom, men er en milep\u00e6l for framstilling av mellommenneskelige  relasjoner p\u00e5 film.<\/p>\n<p>Etter noen runder med Clark Gable i <em>Tatt av vinden<\/em>, burde Vivien Leigh v\u00e6re vant til menn som er r\u00f8ffe i kantene. Surpadden Rhett Butler har likevel m\u00f8tt sin overmann i <em>En sporvogn til begj\u00e6r<\/em>s  Stanley Kowalski, mannen som burde gi enhver bekymret h\u00f8nemor s\u00f8vnl\u00f8se  netter. Leigh spiller s\u00f8rstatsenken Blanche Dubois, som med tom lommebok  og et par skjeletter i skapet banker p\u00e5 d\u00f8ra til s\u00f8steren Stella. Hun  ryker snart uklar med s\u00f8sterens mann Stanley, en upolert arbeidskar som  banner og drikker \u00f8l rett av flaska. Situasjonen dem imellom tilspisser  seg under Blanches jakt p\u00e5 en mann som kan fors\u00f8rge henne.<\/p>\n<p>Tennessee Williams skrev manuset til <em>En sporvogn til begj\u00e6r<\/em>, basert p\u00e5 sitt eget teaterstykke ved samme navn. Regiss\u00f8r Elia Kazan satte senere navnet sitt p\u00e5 klassikere som <em>\u00d8st for Eden<\/em> (1955) og <em>En storbyhavn<\/em> (1954). <em>En sporvogn til begj\u00e6r<\/em> er et intenst psykologisk drama som har blitt hyllet og parodiert i det  uendelige. Filmen huskes best for Marlon Brandos tolkning av den  sadistiske Stanley, som driver svigerinnen sin til galskap. Konflikten  stammer fra klasseforskjellene mellom familiene: Blanche syns ikke at  Stanley er god nok for s\u00f8steren, samtidig som hun tiltrekkes av den  ubeh\u00f8vlede mannen som ser ut til \u00e5 styres utelukkende av drifter og  instinkter. Han, p\u00e5 sin side, svarer p\u00e5 svigerinnens arroganse ved \u00e5 bli  stadig mer voldelig.<br \/>\n<em>En sporvogn til begj\u00e6r<\/em> er lagt til New Orleans, som med sine  r\u00f8ykfulle salooner, regntunge avenyer og enorme kirkeg\u00e5rder er den  perfekte setting for en moderne gotisk romanse. Det er likevel ingenting  romantisk ved historien; Stanley er ingen Heathcliff drevet av ud\u00f8delig  kj\u00e6rlighet, og ingen hemmelighet som avdekkes kan f\u00e5 lyset til \u00e5 flomme  inn i det gamle huset. Framstillingen av den uutdannete mannen som et  seksuelt rovdyr kan v\u00e6re problematisk, men Stanley kan like gjerne sies \u00e5  representere Blanches syn p\u00e5 den \u00f8konomiske klassen hun plutselig st\u00e5r i  fare for \u00e5 bli en del av. Eller kanskje det er begj\u00e6ret i ham hun  frykter, ettersom vi f\u00e5r vite at det er begj\u00e6r som har drevet henne vekk  fra hjembyen.<br \/>\nP\u00e5 grunn av sitt kontroversielle materiale, ble <em>En sporvogn til begj\u00e6r<\/em> dempet ned i m\u00f8te med sensuren. Filmen ble betegnet som dekadent,  amoralsk og vulg\u00e6r da den kom, men var revolusjonerende n\u00e5r det gjaldt  framstillingen av mellommenneskelige relasjoner film fra USA. Ikke minst  er filmen en motehistorisk milep\u00e6l: Stanley Kowalski, karakteren som  forseglet Marlon Brandos stjernestatus, befestet for alvor den hvite  t-skjortens posisjon blant unge i USA.<\/p>\n<p><a href=\"https:\/\/www.youtube.com\/watch?v=FVDecBMyyZI\">Trailer<\/a><\/p>\n<p><em>Omtale: Bergen filmklubb<\/em><\/p>\n","protected":false},"excerpt":{"rendered":"<p>USA, 1951 Regi: Elia Kazan Manus: Tennessee Williams Skuespillere: Marlon Brando, Vivien Leigh, Kim Hunter, Karl Malden, Rudy Bond, Nick Dennis, Peg Hillias, Wright King, Richard Garrick, Ann Dere, Edna Thomas, Mickey Kuhn Musikk:Alex North Spr\u00e5k: Engelsk tale Lengde: 2 t. 2 min. Format DCP Mektig drama med Marlon Brando &#8211; Klassisk Hollywooddrama Kort: Marlon [&hellip;]<\/p>\n","protected":false},"author":2,"featured_media":0,"parent":0,"menu_order":0,"comment_status":"open","ping_status":"open","template":"","meta":{"footnotes":""},"class_list":["post-982","page","type-page","status-publish","hentry"],"_links":{"self":[{"href":"https:\/\/www.bodofilmklubb.no\/index.php\/wp-json\/wp\/v2\/pages\/982","targetHints":{"allow":["GET"]}}],"collection":[{"href":"https:\/\/www.bodofilmklubb.no\/index.php\/wp-json\/wp\/v2\/pages"}],"about":[{"href":"https:\/\/www.bodofilmklubb.no\/index.php\/wp-json\/wp\/v2\/types\/page"}],"author":[{"embeddable":true,"href":"https:\/\/www.bodofilmklubb.no\/index.php\/wp-json\/wp\/v2\/users\/2"}],"replies":[{"embeddable":true,"href":"https:\/\/www.bodofilmklubb.no\/index.php\/wp-json\/wp\/v2\/comments?post=982"}],"version-history":[{"count":1,"href":"https:\/\/www.bodofilmklubb.no\/index.php\/wp-json\/wp\/v2\/pages\/982\/revisions"}],"predecessor-version":[{"id":983,"href":"https:\/\/www.bodofilmklubb.no\/index.php\/wp-json\/wp\/v2\/pages\/982\/revisions\/983"}],"wp:attachment":[{"href":"https:\/\/www.bodofilmklubb.no\/index.php\/wp-json\/wp\/v2\/media?parent=982"}],"curies":[{"name":"wp","href":"https:\/\/api.w.org\/{rel}","templated":true}]}}